{"id":5710,"date":"2019-07-27T18:57:10","date_gmt":"2019-07-27T22:57:10","guid":{"rendered":"https:\/\/santerreetfils.com\/avis-de-deces\/denise-nadeau\/"},"modified":"2022-03-05T07:05:09","modified_gmt":"2022-03-05T12:05:09","slug":"denise-nadeau","status":"publish","type":"deces","link":"https:\/\/santerreetfils.com\/en\/obituary\/denise-nadeau\/","title":{"rendered":"Denise Nadeau"},"content":{"rendered":"<p>\u00c0 son domicile, le 24 juillet 2019, est d\u00e9c\u00e9d\u00e9e \u00e0 l\u2019\u00e2ge de 57 ans, madame Denise Nadeau. Elle \u00e9tait la conjointe de monsieur Jocelyn Leblanc et la fille de feu Th\u00e9r\u00e8se Day et de Germain Nadeau. Elle demeurait \u00e0 Nouvelle. <\/p>\n<p>Denise laisse dans le deuil :<br \/>\nson conjoint Jocelyn Leblanc<br \/>\nses filles Jenny Landry (Jean-Fran\u00e7ois Ouellet) et Kim Landry (S\u00e9bastien Landry)<br \/>\nson p\u00e8re Germain Nadeau<br \/>\nses fr\u00e8res Denis (Sonia)et Sylvain (Nancy).<\/p>\n<p>Elle laisse aussi ses demi-fr\u00e8res Gilles (R\u00e9jeanne) et Gaston (Louisette), ses autres demi-fr\u00e8res et ses demi-s\u0153urs, ainsi que  les membres de la famille Leblanc et de nombreux amis.<\/p>\n<p>La famille vous accueillera le mardi 30 juillet \u00e0 compter de 15 h, \u00e0 la Maison fun\u00e9raire Santerre &#038; Fils Inc., situ\u00e9e 425, route Miguasha \u00e0 Nouvelle.<br \/>\nLes heures de visite sont de 15 h \u00e0 16 h 30.<\/p>\n<p>La direction a \u00e9t\u00e9 confi\u00e9e \u00e0 la Maison fun\u00e9raire Santerre &#038; Fils Inc., de Nouvelle, une entreprise membre et certifi\u00e9e Distinction de la Corporation des Thanatologues du Qu\u00e9bec.<\/p>\n<p>Toutes vos marques de sympathie peuvent se traduire par un don \u00e0<br \/>\nSoci\u00e9t\u00e9 canadienne du cancer (bureau Gasp\u00e9sie \u2013 Les \u00celes)<br \/>\n320, rue Saint-Germain Est, bureau 701, Rimouski (Qu\u00e9bec) G5L 1C3<br \/>\n1 888 939-3333, www.cancer.ca\/quebec\/souvenir<\/p>\n<p>Le personnel de la Maison fun\u00e9raire Santerre et Fils offre ses plus sinc\u00e8res condol\u00e9ances \u00e0 la famille et la remercie pour sa confiance.<\/p>\n","protected":false},"featured_media":5712,"comment_status":"open","ping_status":"closed","template":"","meta":{"_acf_changed":false,"jetpack_publicize_message":"","jetpack_publicize_feature_enabled":true,"jetpack_social_post_already_shared":false,"jetpack_social_options":{"image_generator_settings":{"template":"highway","default_image_id":0,"font":"","enabled":false},"version":2}},"class_list":["post-5710","deces","type-deces","status-publish","has-post-thumbnail","hentry"],"acf":[],"yoast_head":"<!-- This site is optimized with the Yoast SEO plugin v26.9 - https:\/\/yoast.com\/product\/yoast-seo-wordpress\/ -->\n<title>Obituary : Denise Nadeau, 1962-02-20 \u2013 2019-07-24<\/title>\n<meta name=\"robots\" content=\"index, follow, max-snippet:-1, max-image-preview:large, max-video-preview:-1\" \/>\n<link rel=\"canonical\" href=\"https:\/\/santerreetfils.com\/en\/obituary\/denise-nadeau\/\" \/>\n<meta property=\"og:locale\" content=\"en_US\" \/>\n<meta property=\"og:type\" content=\"article\" \/>\n<meta property=\"og:title\" content=\"Obituary : Denise Nadeau, 1962-02-20 \u2013 2019-07-24\" \/>\n<meta property=\"og:description\" content=\"\u00c0 son domicile, le 24 juillet 2019, est d\u00e9c\u00e9d\u00e9e \u00e0 l\u2019\u00e2ge de 57 ans, madame Denise Nadeau. Elle \u00e9tait la conjointe de monsieur Jocelyn Leblanc et la fille de feu Th\u00e9r\u00e8se Day et de Germain Nadeau. Elle demeurait \u00e0 Nouvelle. Denise laisse dans le deuil : son conjoint Jocelyn Leblanc ses filles Jenny Landry (Jean-Fran\u00e7ois [&hellip;]\" \/>\n<meta property=\"og:url\" content=\"https:\/\/santerreetfils.com\/en\/obituary\/denise-nadeau\/\" \/>\n<meta property=\"og:site_name\" content=\"Santerre &amp; Fils - Maison fun\u00e9raire\" \/>\n<meta property=\"article:modified_time\" content=\"2022-03-05T12:05:09+00:00\" \/>\n<meta property=\"og:image\" content=\"https:\/\/santerreetfils.com\/wp-content\/uploads\/2019\/07\/856FEF20-7C09-4F60-8175-EBA2E373CEBE.jpeg\" \/>\n\t<meta property=\"og:image:width\" content=\"709\" \/>\n\t<meta property=\"og:image:height\" content=\"861\" \/>\n\t<meta property=\"og:image:type\" content=\"image\/jpeg\" \/>\n<meta name=\"twitter:card\" content=\"summary_large_image\" \/>\n<meta name=\"twitter:label1\" content=\"Est. reading time\" \/>\n\t<meta name=\"twitter:data1\" content=\"1 minute\" \/>\n<script type=\"application\/ld+json\" class=\"yoast-schema-graph\">{\"@context\":\"https:\/\/schema.org\",\"@graph\":[{\"@type\":\"WebPage\",\"@id\":\"https:\/\/santerreetfils.com\/en\/obituary\/denise-nadeau\/\",\"url\":\"https:\/\/santerreetfils.com\/en\/obituary\/denise-nadeau\/\",\"name\":\"Denise Nadeau - Santerre &amp; Fils - Maison fun\u00e9raire\",\"isPartOf\":{\"@id\":\"https:\/\/santerreetfils.com\/en\/#website\"},\"primaryImageOfPage\":{\"@id\":\"https:\/\/santerreetfils.com\/en\/obituary\/denise-nadeau\/#primaryimage\"},\"image\":{\"@id\":\"https:\/\/santerreetfils.com\/en\/obituary\/denise-nadeau\/#primaryimage\"},\"thumbnailUrl\":\"https:\/\/santerreetfils.com\/wp-content\/uploads\/2019\/07\/856FEF20-7C09-4F60-8175-EBA2E373CEBE.jpeg\",\"datePublished\":\"2019-07-27T22:57:10+00:00\",\"dateModified\":\"2022-03-05T12:05:09+00:00\",\"breadcrumb\":{\"@id\":\"https:\/\/santerreetfils.com\/en\/obituary\/denise-nadeau\/#breadcrumb\"},\"inLanguage\":\"en-US\",\"potentialAction\":[{\"@type\":\"ReadAction\",\"target\":[\"https:\/\/santerreetfils.com\/en\/obituary\/denise-nadeau\/\"]}]},{\"@type\":\"ImageObject\",\"inLanguage\":\"en-US\",\"@id\":\"https:\/\/santerreetfils.com\/en\/obituary\/denise-nadeau\/#primaryimage\",\"url\":\"https:\/\/santerreetfils.com\/wp-content\/uploads\/2019\/07\/856FEF20-7C09-4F60-8175-EBA2E373CEBE.jpeg\",\"contentUrl\":\"https:\/\/santerreetfils.com\/wp-content\/uploads\/2019\/07\/856FEF20-7C09-4F60-8175-EBA2E373CEBE.jpeg\",\"width\":709,\"height\":861},{\"@type\":\"BreadcrumbList\",\"@id\":\"https:\/\/santerreetfils.com\/en\/obituary\/denise-nadeau\/#breadcrumb\",\"itemListElement\":[{\"@type\":\"ListItem\",\"position\":1,\"name\":\"Accueil\",\"item\":\"https:\/\/santerreetfils.com\/en\/\"},{\"@type\":\"ListItem\",\"position\":2,\"name\":\"Avis de d\u00e9c\u00e8s\",\"item\":\"https:\/\/santerreetfils.com\/en\/obituary\/\"},{\"@type\":\"ListItem\",\"position\":3,\"name\":\"Denise Nadeau\"}]},{\"@type\":\"WebSite\",\"@id\":\"https:\/\/santerreetfils.com\/en\/#website\",\"url\":\"https:\/\/santerreetfils.com\/en\/\",\"name\":\"Santerre &amp; Fils - Maison fun\u00e9raire\",\"description\":\"\",\"potentialAction\":[{\"@type\":\"SearchAction\",\"target\":{\"@type\":\"EntryPoint\",\"urlTemplate\":\"https:\/\/santerreetfils.com\/en\/?s={search_term_string}\"},\"query-input\":{\"@type\":\"PropertyValueSpecification\",\"valueRequired\":true,\"valueName\":\"search_term_string\"}}],\"inLanguage\":\"en-US\"}]}<\/script>\n<!-- \/ Yoast SEO plugin. -->","yoast_head_json":{"title":"Obituary : Denise Nadeau, 1962-02-20 \u2013 2019-07-24","robots":{"index":"index","follow":"follow","max-snippet":"max-snippet:-1","max-image-preview":"max-image-preview:large","max-video-preview":"max-video-preview:-1"},"canonical":"https:\/\/santerreetfils.com\/en\/obituary\/denise-nadeau\/","og_locale":"en_US","og_type":"article","og_title":"Obituary : Denise Nadeau, 1962-02-20 \u2013 2019-07-24","og_description":"\u00c0 son domicile, le 24 juillet 2019, est d\u00e9c\u00e9d\u00e9e \u00e0 l\u2019\u00e2ge de 57 ans, madame Denise Nadeau. Elle \u00e9tait la conjointe de monsieur Jocelyn Leblanc et la fille de feu Th\u00e9r\u00e8se Day et de Germain Nadeau. Elle demeurait \u00e0 Nouvelle. Denise laisse dans le deuil : son conjoint Jocelyn Leblanc ses filles Jenny Landry (Jean-Fran\u00e7ois [&hellip;]","og_url":"https:\/\/santerreetfils.com\/en\/obituary\/denise-nadeau\/","og_site_name":"Santerre &amp; Fils - Maison fun\u00e9raire","article_modified_time":"2022-03-05T12:05:09+00:00","og_image":[{"width":709,"height":861,"url":"https:\/\/santerreetfils.com\/wp-content\/uploads\/2019\/07\/856FEF20-7C09-4F60-8175-EBA2E373CEBE.jpeg","type":"image\/jpeg"}],"twitter_card":"summary_large_image","twitter_misc":{"Est. reading time":"1 minute"},"schema":{"@context":"https:\/\/schema.org","@graph":[{"@type":"WebPage","@id":"https:\/\/santerreetfils.com\/en\/obituary\/denise-nadeau\/","url":"https:\/\/santerreetfils.com\/en\/obituary\/denise-nadeau\/","name":"Denise Nadeau - Santerre &amp; Fils - Maison fun\u00e9raire","isPartOf":{"@id":"https:\/\/santerreetfils.com\/en\/#website"},"primaryImageOfPage":{"@id":"https:\/\/santerreetfils.com\/en\/obituary\/denise-nadeau\/#primaryimage"},"image":{"@id":"https:\/\/santerreetfils.com\/en\/obituary\/denise-nadeau\/#primaryimage"},"thumbnailUrl":"https:\/\/santerreetfils.com\/wp-content\/uploads\/2019\/07\/856FEF20-7C09-4F60-8175-EBA2E373CEBE.jpeg","datePublished":"2019-07-27T22:57:10+00:00","dateModified":"2022-03-05T12:05:09+00:00","breadcrumb":{"@id":"https:\/\/santerreetfils.com\/en\/obituary\/denise-nadeau\/#breadcrumb"},"inLanguage":"en-US","potentialAction":[{"@type":"ReadAction","target":["https:\/\/santerreetfils.com\/en\/obituary\/denise-nadeau\/"]}]},{"@type":"ImageObject","inLanguage":"en-US","@id":"https:\/\/santerreetfils.com\/en\/obituary\/denise-nadeau\/#primaryimage","url":"https:\/\/santerreetfils.com\/wp-content\/uploads\/2019\/07\/856FEF20-7C09-4F60-8175-EBA2E373CEBE.jpeg","contentUrl":"https:\/\/santerreetfils.com\/wp-content\/uploads\/2019\/07\/856FEF20-7C09-4F60-8175-EBA2E373CEBE.jpeg","width":709,"height":861},{"@type":"BreadcrumbList","@id":"https:\/\/santerreetfils.com\/en\/obituary\/denise-nadeau\/#breadcrumb","itemListElement":[{"@type":"ListItem","position":1,"name":"Accueil","item":"https:\/\/santerreetfils.com\/en\/"},{"@type":"ListItem","position":2,"name":"Avis de d\u00e9c\u00e8s","item":"https:\/\/santerreetfils.com\/en\/obituary\/"},{"@type":"ListItem","position":3,"name":"Denise Nadeau"}]},{"@type":"WebSite","@id":"https:\/\/santerreetfils.com\/en\/#website","url":"https:\/\/santerreetfils.com\/en\/","name":"Santerre &amp; Fils - Maison fun\u00e9raire","description":"","potentialAction":[{"@type":"SearchAction","target":{"@type":"EntryPoint","urlTemplate":"https:\/\/santerreetfils.com\/en\/?s={search_term_string}"},"query-input":{"@type":"PropertyValueSpecification","valueRequired":true,"valueName":"search_term_string"}}],"inLanguage":"en-US"}]}},"jetpack_publicize_connections":[],"_links":{"self":[{"href":"https:\/\/santerreetfils.com\/en\/wp-json\/wp\/v2\/deces\/5710","targetHints":{"allow":["GET"]}}],"collection":[{"href":"https:\/\/santerreetfils.com\/en\/wp-json\/wp\/v2\/deces"}],"about":[{"href":"https:\/\/santerreetfils.com\/en\/wp-json\/wp\/v2\/types\/deces"}],"replies":[{"embeddable":true,"href":"https:\/\/santerreetfils.com\/en\/wp-json\/wp\/v2\/comments?post=5710"}],"wp:featuredmedia":[{"embeddable":true,"href":"https:\/\/santerreetfils.com\/en\/wp-json\/wp\/v2\/media\/5712"}],"wp:attachment":[{"href":"https:\/\/santerreetfils.com\/en\/wp-json\/wp\/v2\/media?parent=5710"}],"curies":[{"name":"wp","href":"https:\/\/api.w.org\/{rel}","templated":true}]}}

<p>À son domicile, le 24 juillet 2019, est décédée à l’âge de 57 ans, madame Denise Nadeau. Elle était la conjointe de monsieur Jocelyn Leblanc et la fille de feu Thérèse Day et de Germain Nadeau. Elle demeurait à Nouvelle. </p>
<p>Denise laisse dans le deuil :<br />
son conjoint Jocelyn Leblanc<br />
ses filles Jenny Landry (Jean-François Ouellet) et Kim Landry (Sébastien Landry)<br />
son père Germain Nadeau<br />
ses frères Denis (Sonia)et Sylvain (Nancy).</p>
<p>Elle laisse aussi ses demi-frères Gilles (Réjeanne) et Gaston (Louisette), ses autres demi-frères et ses demi-sœurs, ainsi que  les membres de la famille Leblanc et de nombreux amis.</p>
<p>La famille vous accueillera le mardi 30 juillet à compter de 15 h, à la Maison funéraire Santerre &#038; Fils Inc., située 425, route Miguasha à Nouvelle.<br />
Les heures de visite sont de 15 h à 16 h 30.</p>
<p>La direction a été confiée à la Maison funéraire Santerre &#038; Fils Inc., de Nouvelle, une entreprise membre et certifiée Distinction de la Corporation des Thanatologues du Québec.</p>
<p>Toutes vos marques de sympathie peuvent se traduire par un don à<br />
Société canadienne du cancer (bureau Gaspésie – Les Îles)<br />
320, rue Saint-Germain Est, bureau 701, Rimouski (Québec) G5L 1C3<br />
1 888 939-3333, www.cancer.ca/quebec/souvenir</p>
<p>Le personnel de la Maison funéraire Santerre et Fils offre ses plus sincères condoléances à la famille et la remercie pour sa confiance.</p>

<!-- This site is optimized with the Yoast SEO plugin v26.9 - https://yoast.com/product/yoast-seo-wordpress/ -->
<title>Obituary : Denise Nadeau, 1962-02-20 – 2019-07-24</title>
<meta name="robots" content="index, follow, max-snippet:-1, max-image-preview:large, max-video-preview:-1" />
<link rel="canonical" href="https://santerreetfils.com/en/obituary/denise-nadeau/" />
<meta property="og:locale" content="en_US" />
<meta property="og:type" content="article" />
<meta property="og:title" content="Obituary : Denise Nadeau, 1962-02-20 – 2019-07-24" />
<meta property="og:description" content="À son domicile, le 24 juillet 2019, est décédée à l’âge de 57 ans, madame Denise Nadeau. Elle était la conjointe de monsieur Jocelyn Leblanc et la fille de feu Thérèse Day et de Germain Nadeau. Elle demeurait à Nouvelle. Denise laisse dans le deuil : son conjoint Jocelyn Leblanc ses filles Jenny Landry (Jean-François [&hellip;]" />
<meta property="og:url" content="https://santerreetfils.com/en/obituary/denise-nadeau/" />
<meta property="og:site_name" content="Santerre &amp; Fils - Maison funéraire" />
<meta property="article:modified_time" content="2022-03-05T12:05:09+00:00" />
<meta property="og:image" content="https://santerreetfils.com/wp-content/uploads/2019/07/856FEF20-7C09-4F60-8175-EBA2E373CEBE.jpeg" />
	<meta property="og:image:width" content="709" />
	<meta property="og:image:height" content="861" />
	<meta property="og:image:type" content="image/jpeg" />
<meta name="twitter:card" content="summary_large_image" />
<meta name="twitter:label1" content="Est. reading time" />
	<meta name="twitter:data1" content="1 minute" />
<script type="application/ld+json" class="yoast-schema-graph">{"@context":"https://schema.org","@graph":[{"@type":"WebPage","@id":"https://santerreetfils.com/en/obituary/denise-nadeau/","url":"https://santerreetfils.com/en/obituary/denise-nadeau/","name":"Denise Nadeau - Santerre &amp; Fils - Maison funéraire","isPartOf":{"@id":"https://santerreetfils.com/en/#website"},"primaryImageOfPage":{"@id":"https://santerreetfils.com/en/obituary/denise-nadeau/#primaryimage"},"image":{"@id":"https://santerreetfils.com/en/obituary/denise-nadeau/#primaryimage"},"thumbnailUrl":"https://santerreetfils.com/wp-content/uploads/2019/07/856FEF20-7C09-4F60-8175-EBA2E373CEBE.jpeg","datePublished":"2019-07-27T22:57:10+00:00","dateModified":"2022-03-05T12:05:09+00:00","breadcrumb":{"@id":"https://santerreetfils.com/en/obituary/denise-nadeau/#breadcrumb"},"inLanguage":"en-US","potentialAction":[{"@type":"ReadAction","target":["https://santerreetfils.com/en/obituary/denise-nadeau/"]}]},{"@type":"ImageObject","inLanguage":"en-US","@id":"https://santerreetfils.com/en/obituary/denise-nadeau/#primaryimage","url":"https://santerreetfils.com/wp-content/uploads/2019/07/856FEF20-7C09-4F60-8175-EBA2E373CEBE.jpeg","contentUrl":"https://santerreetfils.com/wp-content/uploads/2019/07/856FEF20-7C09-4F60-8175-EBA2E373CEBE.jpeg","width":709,"height":861},{"@type":"BreadcrumbList","@id":"https://santerreetfils.com/en/obituary/denise-nadeau/#breadcrumb","itemListElement":[{"@type":"ListItem","position":1,"name":"Accueil","item":"https://santerreetfils.com/en/"},{"@type":"ListItem","position":2,"name":"Avis de décès","item":"https://santerreetfils.com/en/obituary/"},{"@type":"ListItem","position":3,"name":"Denise Nadeau"}]},{"@type":"WebSite","@id":"https://santerreetfils.com/en/#website","url":"https://santerreetfils.com/en/","name":"Santerre &amp; Fils - Maison funéraire","description":"","potentialAction":[{"@type":"SearchAction","target":{"@type":"EntryPoint","urlTemplate":"https://santerreetfils.com/en/?s={search_term_string}"},"query-input":{"@type":"PropertyValueSpecification","valueRequired":true,"valueName":"search_term_string"}}],"inLanguage":"en-US"}]}</script>
<!-- / Yoast SEO plugin. -->

À son domicile, le 24 juillet 2019, est décédée à l’âge de 57 ans, madame Denise Nadeau. Elle était la conjointe de monsieur Jocelyn Leblanc et la fille de feu Thérèse Day et de Germain Nadeau. Elle demeurait à Nouvelle. Denise laisse dans le deuil : son conjoint Jocelyn Leblanc ses filles Jenny Landry (Jean-François [&hellip;]

Santerre &amp; Fils - Maison funéraire

Denise Nadeau - Santerre &amp; Fils - Maison funéraire

Avis de décès
