{"id":5737,"date":"2019-07-09T18:19:46","date_gmt":"2019-07-09T22:19:46","guid":{"rendered":"https:\/\/santerreetfils.com\/avis-de-deces\/martin-boudreau-labillois\/"},"modified":"2022-03-05T07:05:09","modified_gmt":"2022-03-05T12:05:09","slug":"martin-boudreau-labillois","status":"publish","type":"deces","link":"https:\/\/santerreetfils.com\/en\/obituary\/martin-boudreau-labillois\/","title":{"rendered":"Martin Boudreau-Labillois"},"content":{"rendered":"<p>Au Centre Hospitalier Baie-des-Chaleurs de Maria le 8 juillet 2019, est d\u00e9c\u00e9d\u00e9 \u00e0 l&#8217;\u00e2ge de 29 ans Martin Boudreau Labillois. Il \u00e9tait le fils de dame Nicole Boudreau et de feu Gilles Labillois, il demeurait \u00e0 Miguasha.<\/p>\n<p>Martin laisse dans le deuil:<\/p>\n<p>sa m\u00e8re Nicole (Gino-Luc Paris\u00e9)<\/p>\n<p>ses soeurs Cinthia (Alex) et St\u00e9phanie<\/p>\n<p>sa conjointe Myl\u00e8ne Arbour<\/p>\n<p>ses ni\u00e8ces Oceanne, Lou-Anna et Mollie<\/p>\n<p>ses grands-parents Anne-Marie et Philippe Boudreau<\/p>\n<p>Il laisse aussi ses oncles, tantes, cousins, cousines et nombreux amis (es).<\/p>\n<p>La famille vous accueillera le vendredi 12 juillet \u00e0 compter de 13h, en l&#8217;\u00e9glise de Nouvelle. Les heures de visite sont de 13h \u00e0 14h45. Les fun\u00e9railles de Martin seront c\u00e9l\u00e9br\u00e9es le m\u00eame jour \u00e0 15h.<\/p>\n<p>La Direction a \u00e9t\u00e9 confi\u00e9e \u00e0 la Maison fun\u00e9raire Santerre &amp; Fils inc. de Nouvelle.<\/p>\n<p>Une entreprise membre et certifi\u00e9e Distinction de la Corporation des Thanatologues du Qu\u00e9bec.<\/p>\n<p>&nbsp;<\/p>\n<p>Toute marque de sympathie peut se traduire par un don \u00e0:<\/p>\n<p>&nbsp;<\/p>\n<p>La Soci\u00e9t\u00e9 Canadienne du Cancer<br \/>\n101, rue Lavoie, bureau 13<br \/>\nRimouski (Qc) G5L 5Y2<br \/>\nwww.cancer.ca\/quebec\/souvenir<\/p>\n<p>&nbsp;<\/p>\n<p>La famille remercie tout le personnel de l&#8217;urgence du Centre hospitalier Baie-des-Chaleurs de Maria pour leur d\u00e9licatesse en ces moments de grande peine, un remerciement tr\u00e8s sp\u00e9cial \u00e0 monsieur Dominic Maltais, infirmier \u00e0 l&#8217;urgence, qui a accueilli les membres de la famille avec\u00a0 son approche humaine, sa d\u00e9licatesse et sa sensibilit\u00e9, merci Dominic.<\/p>\n","protected":false},"featured_media":5738,"comment_status":"open","ping_status":"closed","template":"","meta":{"_acf_changed":false,"jetpack_publicize_message":"","jetpack_publicize_feature_enabled":true,"jetpack_social_post_already_shared":false,"jetpack_social_options":{"image_generator_settings":{"template":"highway","default_image_id":0,"font":"","enabled":false},"version":2}},"class_list":["post-5737","deces","type-deces","status-publish","has-post-thumbnail","hentry"],"acf":[],"yoast_head":"<!-- This site is optimized with the Yoast SEO plugin v26.9 - https:\/\/yoast.com\/product\/yoast-seo-wordpress\/ -->\n<title>Obituary : Martin BOUDREAU-LABILLOIS, 1990-05-25 \u2013 2019-07-08<\/title>\n<meta name=\"robots\" content=\"index, follow, max-snippet:-1, max-image-preview:large, max-video-preview:-1\" \/>\n<link rel=\"canonical\" href=\"https:\/\/santerreetfils.com\/en\/obituary\/martin-boudreau-labillois\/\" \/>\n<meta property=\"og:locale\" content=\"en_US\" \/>\n<meta property=\"og:type\" content=\"article\" \/>\n<meta property=\"og:title\" content=\"Obituary : Martin BOUDREAU-LABILLOIS, 1990-05-25 \u2013 2019-07-08\" \/>\n<meta property=\"og:description\" content=\"Au Centre Hospitalier Baie-des-Chaleurs de Maria le 8 juillet 2019, est d\u00e9c\u00e9d\u00e9 \u00e0 l&#8217;\u00e2ge de 29 ans Martin Boudreau Labillois. Il \u00e9tait le fils de dame Nicole Boudreau et de feu Gilles Labillois, il demeurait \u00e0 Miguasha. Martin laisse dans le deuil: sa m\u00e8re Nicole (Gino-Luc Paris\u00e9) ses soeurs Cinthia (Alex) et St\u00e9phanie sa conjointe [&hellip;]\" \/>\n<meta property=\"og:url\" content=\"https:\/\/santerreetfils.com\/en\/obituary\/martin-boudreau-labillois\/\" \/>\n<meta property=\"og:site_name\" content=\"Santerre &amp; Fils - Maison fun\u00e9raire\" \/>\n<meta property=\"article:modified_time\" content=\"2022-03-05T12:05:09+00:00\" \/>\n<meta property=\"og:image\" content=\"https:\/\/santerreetfils.com\/wp-content\/uploads\/2019\/07\/Martin-Boudreau-Labillois.jpg\" \/>\n\t<meta property=\"og:image:width\" content=\"677\" \/>\n\t<meta property=\"og:image:height\" content=\"989\" \/>\n\t<meta property=\"og:image:type\" content=\"image\/jpeg\" \/>\n<meta name=\"twitter:card\" content=\"summary_large_image\" \/>\n<meta name=\"twitter:label1\" content=\"Est. reading time\" \/>\n\t<meta name=\"twitter:data1\" content=\"1 minute\" \/>\n<script type=\"application\/ld+json\" class=\"yoast-schema-graph\">{\"@context\":\"https:\/\/schema.org\",\"@graph\":[{\"@type\":\"WebPage\",\"@id\":\"https:\/\/santerreetfils.com\/en\/obituary\/martin-boudreau-labillois\/\",\"url\":\"https:\/\/santerreetfils.com\/en\/obituary\/martin-boudreau-labillois\/\",\"name\":\"Martin Boudreau-Labillois - Santerre &amp; Fils - Maison fun\u00e9raire\",\"isPartOf\":{\"@id\":\"https:\/\/santerreetfils.com\/en\/#website\"},\"primaryImageOfPage\":{\"@id\":\"https:\/\/santerreetfils.com\/en\/obituary\/martin-boudreau-labillois\/#primaryimage\"},\"image\":{\"@id\":\"https:\/\/santerreetfils.com\/en\/obituary\/martin-boudreau-labillois\/#primaryimage\"},\"thumbnailUrl\":\"https:\/\/santerreetfils.com\/wp-content\/uploads\/2019\/07\/Martin-Boudreau-Labillois.jpg\",\"datePublished\":\"2019-07-09T22:19:46+00:00\",\"dateModified\":\"2022-03-05T12:05:09+00:00\",\"breadcrumb\":{\"@id\":\"https:\/\/santerreetfils.com\/en\/obituary\/martin-boudreau-labillois\/#breadcrumb\"},\"inLanguage\":\"en-US\",\"potentialAction\":[{\"@type\":\"ReadAction\",\"target\":[\"https:\/\/santerreetfils.com\/en\/obituary\/martin-boudreau-labillois\/\"]}]},{\"@type\":\"ImageObject\",\"inLanguage\":\"en-US\",\"@id\":\"https:\/\/santerreetfils.com\/en\/obituary\/martin-boudreau-labillois\/#primaryimage\",\"url\":\"https:\/\/santerreetfils.com\/wp-content\/uploads\/2019\/07\/Martin-Boudreau-Labillois.jpg\",\"contentUrl\":\"https:\/\/santerreetfils.com\/wp-content\/uploads\/2019\/07\/Martin-Boudreau-Labillois.jpg\",\"width\":677,\"height\":989},{\"@type\":\"BreadcrumbList\",\"@id\":\"https:\/\/santerreetfils.com\/en\/obituary\/martin-boudreau-labillois\/#breadcrumb\",\"itemListElement\":[{\"@type\":\"ListItem\",\"position\":1,\"name\":\"Accueil\",\"item\":\"https:\/\/santerreetfils.com\/en\/\"},{\"@type\":\"ListItem\",\"position\":2,\"name\":\"Avis de d\u00e9c\u00e8s\",\"item\":\"https:\/\/santerreetfils.com\/en\/obituary\/\"},{\"@type\":\"ListItem\",\"position\":3,\"name\":\"Martin Boudreau-Labillois\"}]},{\"@type\":\"WebSite\",\"@id\":\"https:\/\/santerreetfils.com\/en\/#website\",\"url\":\"https:\/\/santerreetfils.com\/en\/\",\"name\":\"Santerre &amp; Fils - Maison fun\u00e9raire\",\"description\":\"\",\"potentialAction\":[{\"@type\":\"SearchAction\",\"target\":{\"@type\":\"EntryPoint\",\"urlTemplate\":\"https:\/\/santerreetfils.com\/en\/?s={search_term_string}\"},\"query-input\":{\"@type\":\"PropertyValueSpecification\",\"valueRequired\":true,\"valueName\":\"search_term_string\"}}],\"inLanguage\":\"en-US\"}]}<\/script>\n<!-- \/ Yoast SEO plugin. -->","yoast_head_json":{"title":"Obituary : Martin BOUDREAU-LABILLOIS, 1990-05-25 \u2013 2019-07-08","robots":{"index":"index","follow":"follow","max-snippet":"max-snippet:-1","max-image-preview":"max-image-preview:large","max-video-preview":"max-video-preview:-1"},"canonical":"https:\/\/santerreetfils.com\/en\/obituary\/martin-boudreau-labillois\/","og_locale":"en_US","og_type":"article","og_title":"Obituary : Martin BOUDREAU-LABILLOIS, 1990-05-25 \u2013 2019-07-08","og_description":"Au Centre Hospitalier Baie-des-Chaleurs de Maria le 8 juillet 2019, est d\u00e9c\u00e9d\u00e9 \u00e0 l&#8217;\u00e2ge de 29 ans Martin Boudreau Labillois. Il \u00e9tait le fils de dame Nicole Boudreau et de feu Gilles Labillois, il demeurait \u00e0 Miguasha. Martin laisse dans le deuil: sa m\u00e8re Nicole (Gino-Luc Paris\u00e9) ses soeurs Cinthia (Alex) et St\u00e9phanie sa conjointe [&hellip;]","og_url":"https:\/\/santerreetfils.com\/en\/obituary\/martin-boudreau-labillois\/","og_site_name":"Santerre &amp; Fils - Maison fun\u00e9raire","article_modified_time":"2022-03-05T12:05:09+00:00","og_image":[{"width":677,"height":989,"url":"https:\/\/santerreetfils.com\/wp-content\/uploads\/2019\/07\/Martin-Boudreau-Labillois.jpg","type":"image\/jpeg"}],"twitter_card":"summary_large_image","twitter_misc":{"Est. reading time":"1 minute"},"schema":{"@context":"https:\/\/schema.org","@graph":[{"@type":"WebPage","@id":"https:\/\/santerreetfils.com\/en\/obituary\/martin-boudreau-labillois\/","url":"https:\/\/santerreetfils.com\/en\/obituary\/martin-boudreau-labillois\/","name":"Martin Boudreau-Labillois - Santerre &amp; Fils - Maison fun\u00e9raire","isPartOf":{"@id":"https:\/\/santerreetfils.com\/en\/#website"},"primaryImageOfPage":{"@id":"https:\/\/santerreetfils.com\/en\/obituary\/martin-boudreau-labillois\/#primaryimage"},"image":{"@id":"https:\/\/santerreetfils.com\/en\/obituary\/martin-boudreau-labillois\/#primaryimage"},"thumbnailUrl":"https:\/\/santerreetfils.com\/wp-content\/uploads\/2019\/07\/Martin-Boudreau-Labillois.jpg","datePublished":"2019-07-09T22:19:46+00:00","dateModified":"2022-03-05T12:05:09+00:00","breadcrumb":{"@id":"https:\/\/santerreetfils.com\/en\/obituary\/martin-boudreau-labillois\/#breadcrumb"},"inLanguage":"en-US","potentialAction":[{"@type":"ReadAction","target":["https:\/\/santerreetfils.com\/en\/obituary\/martin-boudreau-labillois\/"]}]},{"@type":"ImageObject","inLanguage":"en-US","@id":"https:\/\/santerreetfils.com\/en\/obituary\/martin-boudreau-labillois\/#primaryimage","url":"https:\/\/santerreetfils.com\/wp-content\/uploads\/2019\/07\/Martin-Boudreau-Labillois.jpg","contentUrl":"https:\/\/santerreetfils.com\/wp-content\/uploads\/2019\/07\/Martin-Boudreau-Labillois.jpg","width":677,"height":989},{"@type":"BreadcrumbList","@id":"https:\/\/santerreetfils.com\/en\/obituary\/martin-boudreau-labillois\/#breadcrumb","itemListElement":[{"@type":"ListItem","position":1,"name":"Accueil","item":"https:\/\/santerreetfils.com\/en\/"},{"@type":"ListItem","position":2,"name":"Avis de d\u00e9c\u00e8s","item":"https:\/\/santerreetfils.com\/en\/obituary\/"},{"@type":"ListItem","position":3,"name":"Martin Boudreau-Labillois"}]},{"@type":"WebSite","@id":"https:\/\/santerreetfils.com\/en\/#website","url":"https:\/\/santerreetfils.com\/en\/","name":"Santerre &amp; Fils - Maison fun\u00e9raire","description":"","potentialAction":[{"@type":"SearchAction","target":{"@type":"EntryPoint","urlTemplate":"https:\/\/santerreetfils.com\/en\/?s={search_term_string}"},"query-input":{"@type":"PropertyValueSpecification","valueRequired":true,"valueName":"search_term_string"}}],"inLanguage":"en-US"}]}},"jetpack_publicize_connections":[],"_links":{"self":[{"href":"https:\/\/santerreetfils.com\/en\/wp-json\/wp\/v2\/deces\/5737","targetHints":{"allow":["GET"]}}],"collection":[{"href":"https:\/\/santerreetfils.com\/en\/wp-json\/wp\/v2\/deces"}],"about":[{"href":"https:\/\/santerreetfils.com\/en\/wp-json\/wp\/v2\/types\/deces"}],"replies":[{"embeddable":true,"href":"https:\/\/santerreetfils.com\/en\/wp-json\/wp\/v2\/comments?post=5737"}],"wp:featuredmedia":[{"embeddable":true,"href":"https:\/\/santerreetfils.com\/en\/wp-json\/wp\/v2\/media\/5738"}],"wp:attachment":[{"href":"https:\/\/santerreetfils.com\/en\/wp-json\/wp\/v2\/media?parent=5737"}],"curies":[{"name":"wp","href":"https:\/\/api.w.org\/{rel}","templated":true}]}}

<p>Au Centre Hospitalier Baie-des-Chaleurs de Maria le 8 juillet 2019, est décédé à l&#8217;âge de 29 ans Martin Boudreau Labillois. Il était le fils de dame Nicole Boudreau et de feu Gilles Labillois, il demeurait à Miguasha.</p>
<p>Martin laisse dans le deuil:</p>
<p>sa mère Nicole (Gino-Luc Parisé)</p>
<p>ses soeurs Cinthia (Alex) et Stéphanie</p>
<p>sa conjointe Mylène Arbour</p>
<p>ses nièces Oceanne, Lou-Anna et Mollie</p>
<p>ses grands-parents Anne-Marie et Philippe Boudreau</p>
<p>Il laisse aussi ses oncles, tantes, cousins, cousines et nombreux amis (es).</p>
<p>La famille vous accueillera le vendredi 12 juillet à compter de 13h, en l&#8217;église de Nouvelle. Les heures de visite sont de 13h à 14h45. Les funérailles de Martin seront célébrées le même jour à 15h.</p>
<p>La Direction a été confiée à la Maison funéraire Santerre &amp; Fils inc. de Nouvelle.</p>
<p>Une entreprise membre et certifiée Distinction de la Corporation des Thanatologues du Québec.</p>
<p>&nbsp;</p>
<p>Toute marque de sympathie peut se traduire par un don à:</p>
<p>&nbsp;</p>
<p>La Société Canadienne du Cancer<br />
101, rue Lavoie, bureau 13<br />
Rimouski (Qc) G5L 5Y2<br />
www.cancer.ca/quebec/souvenir</p>
<p>&nbsp;</p>
<p>La famille remercie tout le personnel de l&#8217;urgence du Centre hospitalier Baie-des-Chaleurs de Maria pour leur délicatesse en ces moments de grande peine, un remerciement très spécial à monsieur Dominic Maltais, infirmier à l&#8217;urgence, qui a accueilli les membres de la famille avec  son approche humaine, sa délicatesse et sa sensibilité, merci Dominic.</p>

<!-- This site is optimized with the Yoast SEO plugin v26.9 - https://yoast.com/product/yoast-seo-wordpress/ -->
<title>Obituary : Martin BOUDREAU-LABILLOIS, 1990-05-25 – 2019-07-08</title>
<meta name="robots" content="index, follow, max-snippet:-1, max-image-preview:large, max-video-preview:-1" />
<link rel="canonical" href="https://santerreetfils.com/en/obituary/martin-boudreau-labillois/" />
<meta property="og:locale" content="en_US" />
<meta property="og:type" content="article" />
<meta property="og:title" content="Obituary : Martin BOUDREAU-LABILLOIS, 1990-05-25 – 2019-07-08" />
<meta property="og:description" content="Au Centre Hospitalier Baie-des-Chaleurs de Maria le 8 juillet 2019, est décédé à l&#8217;âge de 29 ans Martin Boudreau Labillois. Il était le fils de dame Nicole Boudreau et de feu Gilles Labillois, il demeurait à Miguasha. Martin laisse dans le deuil: sa mère Nicole (Gino-Luc Parisé) ses soeurs Cinthia (Alex) et Stéphanie sa conjointe [&hellip;]" />
<meta property="og:url" content="https://santerreetfils.com/en/obituary/martin-boudreau-labillois/" />
<meta property="og:site_name" content="Santerre &amp; Fils - Maison funéraire" />
<meta property="article:modified_time" content="2022-03-05T12:05:09+00:00" />
<meta property="og:image" content="https://santerreetfils.com/wp-content/uploads/2019/07/Martin-Boudreau-Labillois.jpg" />
	<meta property="og:image:width" content="677" />
	<meta property="og:image:height" content="989" />
	<meta property="og:image:type" content="image/jpeg" />
<meta name="twitter:card" content="summary_large_image" />
<meta name="twitter:label1" content="Est. reading time" />
	<meta name="twitter:data1" content="1 minute" />
<script type="application/ld+json" class="yoast-schema-graph">{"@context":"https://schema.org","@graph":[{"@type":"WebPage","@id":"https://santerreetfils.com/en/obituary/martin-boudreau-labillois/","url":"https://santerreetfils.com/en/obituary/martin-boudreau-labillois/","name":"Martin Boudreau-Labillois - Santerre &amp; Fils - Maison funéraire","isPartOf":{"@id":"https://santerreetfils.com/en/#website"},"primaryImageOfPage":{"@id":"https://santerreetfils.com/en/obituary/martin-boudreau-labillois/#primaryimage"},"image":{"@id":"https://santerreetfils.com/en/obituary/martin-boudreau-labillois/#primaryimage"},"thumbnailUrl":"https://santerreetfils.com/wp-content/uploads/2019/07/Martin-Boudreau-Labillois.jpg","datePublished":"2019-07-09T22:19:46+00:00","dateModified":"2022-03-05T12:05:09+00:00","breadcrumb":{"@id":"https://santerreetfils.com/en/obituary/martin-boudreau-labillois/#breadcrumb"},"inLanguage":"en-US","potentialAction":[{"@type":"ReadAction","target":["https://santerreetfils.com/en/obituary/martin-boudreau-labillois/"]}]},{"@type":"ImageObject","inLanguage":"en-US","@id":"https://santerreetfils.com/en/obituary/martin-boudreau-labillois/#primaryimage","url":"https://santerreetfils.com/wp-content/uploads/2019/07/Martin-Boudreau-Labillois.jpg","contentUrl":"https://santerreetfils.com/wp-content/uploads/2019/07/Martin-Boudreau-Labillois.jpg","width":677,"height":989},{"@type":"BreadcrumbList","@id":"https://santerreetfils.com/en/obituary/martin-boudreau-labillois/#breadcrumb","itemListElement":[{"@type":"ListItem","position":1,"name":"Accueil","item":"https://santerreetfils.com/en/"},{"@type":"ListItem","position":2,"name":"Avis de décès","item":"https://santerreetfils.com/en/obituary/"},{"@type":"ListItem","position":3,"name":"Martin Boudreau-Labillois"}]},{"@type":"WebSite","@id":"https://santerreetfils.com/en/#website","url":"https://santerreetfils.com/en/","name":"Santerre &amp; Fils - Maison funéraire","description":"","potentialAction":[{"@type":"SearchAction","target":{"@type":"EntryPoint","urlTemplate":"https://santerreetfils.com/en/?s={search_term_string}"},"query-input":{"@type":"PropertyValueSpecification","valueRequired":true,"valueName":"search_term_string"}}],"inLanguage":"en-US"}]}</script>
<!-- / Yoast SEO plugin. -->

Au Centre Hospitalier Baie-des-Chaleurs de Maria le 8 juillet 2019, est décédé à l&#8217;âge de 29 ans Martin Boudreau Labillois. Il était le fils de dame Nicole Boudreau et de feu Gilles Labillois, il demeurait à Miguasha. Martin laisse dans le deuil: sa mère Nicole (Gino-Luc Parisé) ses soeurs Cinthia (Alex) et Stéphanie sa conjointe [&hellip;]

Santerre &amp; Fils - Maison funéraire

Martin Boudreau-Labillois - Santerre &amp; Fils - Maison funéraire

Avis de décès
