{"id":5795,"date":"2019-05-06T13:00:22","date_gmt":"2019-05-06T17:00:22","guid":{"rendered":"https:\/\/santerreetfils.com\/avis-de-deces\/gilberte-landry\/"},"modified":"2022-03-05T07:05:11","modified_gmt":"2022-03-05T12:05:11","slug":"gilberte-landry","status":"publish","type":"deces","link":"https:\/\/santerreetfils.com\/en\/obituary\/gilberte-landry\/","title":{"rendered":"Gilberte Landry"},"content":{"rendered":"<p>Au Centre d&#8217;H\u00e9bergement de Maria le 4 mai 2019, est d\u00e9c\u00e9d\u00e9e \u00e0 l&#8217;\u00e2ge de 99 ans, dame Gilberte Landry \u00e9pouse de feu Albert Allard,<\/p>\n<p>elle demeurait \u00e0 Carleton.<\/p>\n<p>Madame Landry Allard laisse dans le deuil :<\/p>\n<p>Enfants :<\/p>\n<ul>\n<li>Michel (Ghislaine)<\/li>\n<li>Paul (Diane)<\/li>\n<li>feu Louis<\/li>\n<li>Paulette (Gilles)<\/li>\n<li>Yves (Line)<\/li>\n<\/ul>\n<p>&nbsp;<\/p>\n<p>Petits-enfants:<\/p>\n<ul>\n<li>feu Guy<\/li>\n<li>Annie, Steeve, Karine<\/li>\n<li>Marie-Christine, David<\/li>\n<li>M\u00e9lanie, Marie-Andr\u00e9e, Anne-Mich\u00e8le, S\u00e9bastien<\/li>\n<li>Marie-\u00c8ve, V\u00e9ronique<\/li>\n<\/ul>\n<p>&nbsp;<\/p>\n<p>Arri\u00e8res-petits-enfants:<\/p>\n<ul>\n<li>Xavier-Nicolas, Audrey-Maxim<\/li>\n<li>Alexandra, Amilia, Samuel<\/li>\n<li>Noah, \u00c9lya, \u00c9mil, Maxim, Gabriel<\/li>\n<li>Ma\u00efka, Lo\u00efc, Lili, Lucas, Th\u00e9o, Sophia<\/li>\n<\/ul>\n<p>&nbsp;<\/p>\n<p>&nbsp;<\/p>\n<p>La famille vous accueillera le mercredi 8 mai \u00e0 compter de 19h, \u00e0 la Maison fun\u00e9raire Santerre &amp; Fils inc., situ\u00e9e au 18, rue Comeau \u00e0 Carleton.<\/p>\n<p>Les heures de visite sont de 19h \u00e0 21h.<\/p>\n<p>Les fun\u00e9railles de madame Landry seront c\u00e9l\u00e9br\u00e9es en l&#8217;\u00e9glise de Carleton le jeudi 9 mai \u00e0 10h. L&#8217;inhumation aura lieu au cimeti\u00e8re de Carleton ult\u00e9rieurement.<\/p>\n<p>Il est \u00e0 noter que jeudi, jour des fun\u00e9railles le salon ouvrira \u00e0 9h.<\/p>\n<p>La direction \u00e0 \u00e9t\u00e9 confi\u00e9e \u00e0 la Maison fun\u00e9raire Santerre &amp; fils inc., de Carleton une entreprise membre et certifi\u00e9e Distinction del a Corporation des Thanatologues du Qu\u00e9bec.<\/p>\n<p>Vos t\u00e9moignages de sympathie peuvent se traduire par un don \u00e0:<\/p>\n<p>Fondation R\u00e9sidence St-Joseph<\/p>\n<p>491, Perron\u00a0 C.P. 10<\/p>\n<p>Maria (Qc) G0C1Y0<\/p>\n<p>Le personnel de la Maison fun\u00e9raire Santerre &amp; fils inc., offre \u00e0 la famille ses plus sinc\u00e8res condol\u00e9ances et la remercie pour sa confiance.<\/p>\n<p>&nbsp;<\/p>\n<p>&nbsp;<\/p>\n<p>&nbsp;<\/p>\n","protected":false},"featured_media":5796,"comment_status":"open","ping_status":"closed","template":"","meta":{"_acf_changed":false,"jetpack_publicize_message":"","jetpack_publicize_feature_enabled":true,"jetpack_social_post_already_shared":false,"jetpack_social_options":{"image_generator_settings":{"template":"highway","default_image_id":0,"font":"","enabled":false},"version":2}},"class_list":["post-5795","deces","type-deces","status-publish","has-post-thumbnail","hentry"],"acf":[],"yoast_head":"<!-- This site is optimized with the Yoast SEO plugin v26.9 - https:\/\/yoast.com\/product\/yoast-seo-wordpress\/ -->\n<title>Obituary : Gilberte LANDRY, 1920-04-11 \u2013 2019-05-04<\/title>\n<meta name=\"robots\" content=\"index, follow, max-snippet:-1, max-image-preview:large, max-video-preview:-1\" \/>\n<link rel=\"canonical\" href=\"https:\/\/santerreetfils.com\/en\/obituary\/gilberte-landry\/\" \/>\n<meta property=\"og:locale\" content=\"en_US\" \/>\n<meta property=\"og:type\" content=\"article\" \/>\n<meta property=\"og:title\" content=\"Obituary : Gilberte LANDRY, 1920-04-11 \u2013 2019-05-04\" \/>\n<meta property=\"og:description\" content=\"Au Centre d&#8217;H\u00e9bergement de Maria le 4 mai 2019, est d\u00e9c\u00e9d\u00e9e \u00e0 l&#8217;\u00e2ge de 99 ans, dame Gilberte Landry \u00e9pouse de feu Albert Allard, elle demeurait \u00e0 Carleton. Madame Landry Allard laisse dans le deuil : Enfants : Michel (Ghislaine) Paul (Diane) feu Louis Paulette (Gilles) Yves (Line) &nbsp; Petits-enfants: feu Guy Annie, Steeve, Karine [&hellip;]\" \/>\n<meta property=\"og:url\" content=\"https:\/\/santerreetfils.com\/en\/obituary\/gilberte-landry\/\" \/>\n<meta property=\"og:site_name\" content=\"Santerre &amp; Fils - Maison fun\u00e9raire\" \/>\n<meta property=\"article:modified_time\" content=\"2022-03-05T12:05:11+00:00\" \/>\n<meta property=\"og:image\" content=\"https:\/\/santerreetfils.com\/wp-content\/uploads\/2019\/05\/Landry-Gilberte-internet.jpg\" \/>\n\t<meta property=\"og:image:width\" content=\"600\" \/>\n\t<meta property=\"og:image:height\" content=\"750\" \/>\n\t<meta property=\"og:image:type\" content=\"image\/jpeg\" \/>\n<meta name=\"twitter:card\" content=\"summary_large_image\" \/>\n<meta name=\"twitter:label1\" content=\"Est. reading time\" \/>\n\t<meta name=\"twitter:data1\" content=\"1 minute\" \/>\n<script type=\"application\/ld+json\" class=\"yoast-schema-graph\">{\"@context\":\"https:\/\/schema.org\",\"@graph\":[{\"@type\":\"WebPage\",\"@id\":\"https:\/\/santerreetfils.com\/en\/obituary\/gilberte-landry\/\",\"url\":\"https:\/\/santerreetfils.com\/en\/obituary\/gilberte-landry\/\",\"name\":\"Gilberte Landry - Santerre &amp; Fils - Maison fun\u00e9raire\",\"isPartOf\":{\"@id\":\"https:\/\/santerreetfils.com\/en\/#website\"},\"primaryImageOfPage\":{\"@id\":\"https:\/\/santerreetfils.com\/en\/obituary\/gilberte-landry\/#primaryimage\"},\"image\":{\"@id\":\"https:\/\/santerreetfils.com\/en\/obituary\/gilberte-landry\/#primaryimage\"},\"thumbnailUrl\":\"https:\/\/santerreetfils.com\/wp-content\/uploads\/2019\/05\/Landry-Gilberte-internet.jpg\",\"datePublished\":\"2019-05-06T17:00:22+00:00\",\"dateModified\":\"2022-03-05T12:05:11+00:00\",\"breadcrumb\":{\"@id\":\"https:\/\/santerreetfils.com\/en\/obituary\/gilberte-landry\/#breadcrumb\"},\"inLanguage\":\"en-US\",\"potentialAction\":[{\"@type\":\"ReadAction\",\"target\":[\"https:\/\/santerreetfils.com\/en\/obituary\/gilberte-landry\/\"]}]},{\"@type\":\"ImageObject\",\"inLanguage\":\"en-US\",\"@id\":\"https:\/\/santerreetfils.com\/en\/obituary\/gilberte-landry\/#primaryimage\",\"url\":\"https:\/\/santerreetfils.com\/wp-content\/uploads\/2019\/05\/Landry-Gilberte-internet.jpg\",\"contentUrl\":\"https:\/\/santerreetfils.com\/wp-content\/uploads\/2019\/05\/Landry-Gilberte-internet.jpg\",\"width\":600,\"height\":750},{\"@type\":\"BreadcrumbList\",\"@id\":\"https:\/\/santerreetfils.com\/en\/obituary\/gilberte-landry\/#breadcrumb\",\"itemListElement\":[{\"@type\":\"ListItem\",\"position\":1,\"name\":\"Accueil\",\"item\":\"https:\/\/santerreetfils.com\/en\/\"},{\"@type\":\"ListItem\",\"position\":2,\"name\":\"Avis de d\u00e9c\u00e8s\",\"item\":\"https:\/\/santerreetfils.com\/en\/obituary\/\"},{\"@type\":\"ListItem\",\"position\":3,\"name\":\"Gilberte Landry\"}]},{\"@type\":\"WebSite\",\"@id\":\"https:\/\/santerreetfils.com\/en\/#website\",\"url\":\"https:\/\/santerreetfils.com\/en\/\",\"name\":\"Santerre &amp; Fils - Maison fun\u00e9raire\",\"description\":\"\",\"potentialAction\":[{\"@type\":\"SearchAction\",\"target\":{\"@type\":\"EntryPoint\",\"urlTemplate\":\"https:\/\/santerreetfils.com\/en\/?s={search_term_string}\"},\"query-input\":{\"@type\":\"PropertyValueSpecification\",\"valueRequired\":true,\"valueName\":\"search_term_string\"}}],\"inLanguage\":\"en-US\"}]}<\/script>\n<!-- \/ Yoast SEO plugin. -->","yoast_head_json":{"title":"Obituary : Gilberte LANDRY, 1920-04-11 \u2013 2019-05-04","robots":{"index":"index","follow":"follow","max-snippet":"max-snippet:-1","max-image-preview":"max-image-preview:large","max-video-preview":"max-video-preview:-1"},"canonical":"https:\/\/santerreetfils.com\/en\/obituary\/gilberte-landry\/","og_locale":"en_US","og_type":"article","og_title":"Obituary : Gilberte LANDRY, 1920-04-11 \u2013 2019-05-04","og_description":"Au Centre d&#8217;H\u00e9bergement de Maria le 4 mai 2019, est d\u00e9c\u00e9d\u00e9e \u00e0 l&#8217;\u00e2ge de 99 ans, dame Gilberte Landry \u00e9pouse de feu Albert Allard, elle demeurait \u00e0 Carleton. Madame Landry Allard laisse dans le deuil : Enfants : Michel (Ghislaine) Paul (Diane) feu Louis Paulette (Gilles) Yves (Line) &nbsp; Petits-enfants: feu Guy Annie, Steeve, Karine [&hellip;]","og_url":"https:\/\/santerreetfils.com\/en\/obituary\/gilberte-landry\/","og_site_name":"Santerre &amp; Fils - Maison fun\u00e9raire","article_modified_time":"2022-03-05T12:05:11+00:00","og_image":[{"width":600,"height":750,"url":"https:\/\/santerreetfils.com\/wp-content\/uploads\/2019\/05\/Landry-Gilberte-internet.jpg","type":"image\/jpeg"}],"twitter_card":"summary_large_image","twitter_misc":{"Est. reading time":"1 minute"},"schema":{"@context":"https:\/\/schema.org","@graph":[{"@type":"WebPage","@id":"https:\/\/santerreetfils.com\/en\/obituary\/gilberte-landry\/","url":"https:\/\/santerreetfils.com\/en\/obituary\/gilberte-landry\/","name":"Gilberte Landry - Santerre &amp; Fils - Maison fun\u00e9raire","isPartOf":{"@id":"https:\/\/santerreetfils.com\/en\/#website"},"primaryImageOfPage":{"@id":"https:\/\/santerreetfils.com\/en\/obituary\/gilberte-landry\/#primaryimage"},"image":{"@id":"https:\/\/santerreetfils.com\/en\/obituary\/gilberte-landry\/#primaryimage"},"thumbnailUrl":"https:\/\/santerreetfils.com\/wp-content\/uploads\/2019\/05\/Landry-Gilberte-internet.jpg","datePublished":"2019-05-06T17:00:22+00:00","dateModified":"2022-03-05T12:05:11+00:00","breadcrumb":{"@id":"https:\/\/santerreetfils.com\/en\/obituary\/gilberte-landry\/#breadcrumb"},"inLanguage":"en-US","potentialAction":[{"@type":"ReadAction","target":["https:\/\/santerreetfils.com\/en\/obituary\/gilberte-landry\/"]}]},{"@type":"ImageObject","inLanguage":"en-US","@id":"https:\/\/santerreetfils.com\/en\/obituary\/gilberte-landry\/#primaryimage","url":"https:\/\/santerreetfils.com\/wp-content\/uploads\/2019\/05\/Landry-Gilberte-internet.jpg","contentUrl":"https:\/\/santerreetfils.com\/wp-content\/uploads\/2019\/05\/Landry-Gilberte-internet.jpg","width":600,"height":750},{"@type":"BreadcrumbList","@id":"https:\/\/santerreetfils.com\/en\/obituary\/gilberte-landry\/#breadcrumb","itemListElement":[{"@type":"ListItem","position":1,"name":"Accueil","item":"https:\/\/santerreetfils.com\/en\/"},{"@type":"ListItem","position":2,"name":"Avis de d\u00e9c\u00e8s","item":"https:\/\/santerreetfils.com\/en\/obituary\/"},{"@type":"ListItem","position":3,"name":"Gilberte Landry"}]},{"@type":"WebSite","@id":"https:\/\/santerreetfils.com\/en\/#website","url":"https:\/\/santerreetfils.com\/en\/","name":"Santerre &amp; Fils - Maison fun\u00e9raire","description":"","potentialAction":[{"@type":"SearchAction","target":{"@type":"EntryPoint","urlTemplate":"https:\/\/santerreetfils.com\/en\/?s={search_term_string}"},"query-input":{"@type":"PropertyValueSpecification","valueRequired":true,"valueName":"search_term_string"}}],"inLanguage":"en-US"}]}},"jetpack_publicize_connections":[],"_links":{"self":[{"href":"https:\/\/santerreetfils.com\/en\/wp-json\/wp\/v2\/deces\/5795","targetHints":{"allow":["GET"]}}],"collection":[{"href":"https:\/\/santerreetfils.com\/en\/wp-json\/wp\/v2\/deces"}],"about":[{"href":"https:\/\/santerreetfils.com\/en\/wp-json\/wp\/v2\/types\/deces"}],"replies":[{"embeddable":true,"href":"https:\/\/santerreetfils.com\/en\/wp-json\/wp\/v2\/comments?post=5795"}],"wp:featuredmedia":[{"embeddable":true,"href":"https:\/\/santerreetfils.com\/en\/wp-json\/wp\/v2\/media\/5796"}],"wp:attachment":[{"href":"https:\/\/santerreetfils.com\/en\/wp-json\/wp\/v2\/media?parent=5795"}],"curies":[{"name":"wp","href":"https:\/\/api.w.org\/{rel}","templated":true}]}}

<p>Au Centre d&#8217;Hébergement de Maria le 4 mai 2019, est décédée à l&#8217;âge de 99 ans, dame Gilberte Landry épouse de feu Albert Allard,</p>
<p>elle demeurait à Carleton.</p>
<p>Madame Landry Allard laisse dans le deuil :</p>
<p>Enfants :</p>
<ul>
<li>Michel (Ghislaine)</li>
<li>Paul (Diane)</li>
<li>feu Louis</li>
<li>Paulette (Gilles)</li>
<li>Yves (Line)</li>
</ul>
<p>&nbsp;</p>
<p>Petits-enfants:</p>
<ul>
<li>feu Guy</li>
<li>Annie, Steeve, Karine</li>
<li>Marie-Christine, David</li>
<li>Mélanie, Marie-Andrée, Anne-Michèle, Sébastien</li>
<li>Marie-Ève, Véronique</li>
</ul>
<p>&nbsp;</p>
<p>Arrières-petits-enfants:</p>
<ul>
<li>Xavier-Nicolas, Audrey-Maxim</li>
<li>Alexandra, Amilia, Samuel</li>
<li>Noah, Élya, Émil, Maxim, Gabriel</li>
<li>Maïka, Loïc, Lili, Lucas, Théo, Sophia</li>
</ul>
<p>&nbsp;</p>
<p>&nbsp;</p>
<p>La famille vous accueillera le mercredi 8 mai à compter de 19h, à la Maison funéraire Santerre &amp; Fils inc., située au 18, rue Comeau à Carleton.</p>
<p>Les heures de visite sont de 19h à 21h.</p>
<p>Les funérailles de madame Landry seront célébrées en l&#8217;église de Carleton le jeudi 9 mai à 10h. L&#8217;inhumation aura lieu au cimetière de Carleton ultérieurement.</p>
<p>Il est à noter que jeudi, jour des funérailles le salon ouvrira à 9h.</p>
<p>La direction à été confiée à la Maison funéraire Santerre &amp; fils inc., de Carleton une entreprise membre et certifiée Distinction del a Corporation des Thanatologues du Québec.</p>
<p>Vos témoignages de sympathie peuvent se traduire par un don à:</p>
<p>Fondation Résidence St-Joseph</p>
<p>491, Perron  C.P. 10</p>
<p>Maria (Qc) G0C1Y0</p>
<p>Le personnel de la Maison funéraire Santerre &amp; fils inc., offre à la famille ses plus sincères condoléances et la remercie pour sa confiance.</p>
<p>&nbsp;</p>
<p>&nbsp;</p>
<p>&nbsp;</p>

<!-- This site is optimized with the Yoast SEO plugin v26.9 - https://yoast.com/product/yoast-seo-wordpress/ -->
<title>Obituary : Gilberte LANDRY, 1920-04-11 – 2019-05-04</title>
<meta name="robots" content="index, follow, max-snippet:-1, max-image-preview:large, max-video-preview:-1" />
<link rel="canonical" href="https://santerreetfils.com/en/obituary/gilberte-landry/" />
<meta property="og:locale" content="en_US" />
<meta property="og:type" content="article" />
<meta property="og:title" content="Obituary : Gilberte LANDRY, 1920-04-11 – 2019-05-04" />
<meta property="og:description" content="Au Centre d&#8217;Hébergement de Maria le 4 mai 2019, est décédée à l&#8217;âge de 99 ans, dame Gilberte Landry épouse de feu Albert Allard, elle demeurait à Carleton. Madame Landry Allard laisse dans le deuil : Enfants : Michel (Ghislaine) Paul (Diane) feu Louis Paulette (Gilles) Yves (Line) &nbsp; Petits-enfants: feu Guy Annie, Steeve, Karine [&hellip;]" />
<meta property="og:url" content="https://santerreetfils.com/en/obituary/gilberte-landry/" />
<meta property="og:site_name" content="Santerre &amp; Fils - Maison funéraire" />
<meta property="article:modified_time" content="2022-03-05T12:05:11+00:00" />
<meta property="og:image" content="https://santerreetfils.com/wp-content/uploads/2019/05/Landry-Gilberte-internet.jpg" />
	<meta property="og:image:width" content="600" />
	<meta property="og:image:height" content="750" />
	<meta property="og:image:type" content="image/jpeg" />
<meta name="twitter:card" content="summary_large_image" />
<meta name="twitter:label1" content="Est. reading time" />
	<meta name="twitter:data1" content="1 minute" />
<script type="application/ld+json" class="yoast-schema-graph">{"@context":"https://schema.org","@graph":[{"@type":"WebPage","@id":"https://santerreetfils.com/en/obituary/gilberte-landry/","url":"https://santerreetfils.com/en/obituary/gilberte-landry/","name":"Gilberte Landry - Santerre &amp; Fils - Maison funéraire","isPartOf":{"@id":"https://santerreetfils.com/en/#website"},"primaryImageOfPage":{"@id":"https://santerreetfils.com/en/obituary/gilberte-landry/#primaryimage"},"image":{"@id":"https://santerreetfils.com/en/obituary/gilberte-landry/#primaryimage"},"thumbnailUrl":"https://santerreetfils.com/wp-content/uploads/2019/05/Landry-Gilberte-internet.jpg","datePublished":"2019-05-06T17:00:22+00:00","dateModified":"2022-03-05T12:05:11+00:00","breadcrumb":{"@id":"https://santerreetfils.com/en/obituary/gilberte-landry/#breadcrumb"},"inLanguage":"en-US","potentialAction":[{"@type":"ReadAction","target":["https://santerreetfils.com/en/obituary/gilberte-landry/"]}]},{"@type":"ImageObject","inLanguage":"en-US","@id":"https://santerreetfils.com/en/obituary/gilberte-landry/#primaryimage","url":"https://santerreetfils.com/wp-content/uploads/2019/05/Landry-Gilberte-internet.jpg","contentUrl":"https://santerreetfils.com/wp-content/uploads/2019/05/Landry-Gilberte-internet.jpg","width":600,"height":750},{"@type":"BreadcrumbList","@id":"https://santerreetfils.com/en/obituary/gilberte-landry/#breadcrumb","itemListElement":[{"@type":"ListItem","position":1,"name":"Accueil","item":"https://santerreetfils.com/en/"},{"@type":"ListItem","position":2,"name":"Avis de décès","item":"https://santerreetfils.com/en/obituary/"},{"@type":"ListItem","position":3,"name":"Gilberte Landry"}]},{"@type":"WebSite","@id":"https://santerreetfils.com/en/#website","url":"https://santerreetfils.com/en/","name":"Santerre &amp; Fils - Maison funéraire","description":"","potentialAction":[{"@type":"SearchAction","target":{"@type":"EntryPoint","urlTemplate":"https://santerreetfils.com/en/?s={search_term_string}"},"query-input":{"@type":"PropertyValueSpecification","valueRequired":true,"valueName":"search_term_string"}}],"inLanguage":"en-US"}]}</script>
<!-- / Yoast SEO plugin. -->

Au Centre d&#8217;Hébergement de Maria le 4 mai 2019, est décédée à l&#8217;âge de 99 ans, dame Gilberte Landry épouse de feu Albert Allard, elle demeurait à Carleton. Madame Landry Allard laisse dans le deuil : Enfants : Michel (Ghislaine) Paul (Diane) feu Louis Paulette (Gilles) Yves (Line) &nbsp; Petits-enfants: feu Guy Annie, Steeve, Karine [&hellip;]

Santerre &amp; Fils - Maison funéraire

Gilberte Landry - Santerre &amp; Fils - Maison funéraire

Avis de décès
