{"id":5797,"date":"2019-05-02T17:27:03","date_gmt":"2019-05-02T21:27:03","guid":{"rendered":"https:\/\/santerreetfils.com\/avis-de-deces\/clement-boudreau\/"},"modified":"2022-03-05T07:05:11","modified_gmt":"2022-03-05T12:05:11","slug":"clement-boudreau","status":"publish","type":"deces","link":"https:\/\/santerreetfils.com\/en\/obituary\/clement-boudreau\/","title":{"rendered":"Cl\u00e9ment Boudreau"},"content":{"rendered":"<p>A son domicile le 2 mai 2019, est d\u00e9c\u00e9d\u00e9 \u00e0 l&#8217;\u00e2ge de 61 ans, monsieur Cl\u00e9ment Boudreau fils de feu Jeanne d&#8217;Arc Roy et de feu Jules Boudreau, il demeurait \u00e0 Carleton.<\/p>\n<p>Cl\u00e9ment laisse dans le deuil:<\/p>\n<p>sa conjointe: Marie-Th\u00e9r\u00e8se Godbout<\/p>\n<p>ses enfants : Natacha et Alexandre, leur conjoint et conjointe<\/p>\n<p>sa petite-fille Ang\u00e9lie<\/p>\n<p>la fille de Marie-Th\u00e9r\u00e8se Mia et son conjoint<\/p>\n<p>Il laisse aussi:<\/p>\n<p>ses soeurs<\/p>\n<p>Denise (Jean-Marc)<\/p>\n<p>Michelle (Elvin)<\/p>\n<p>Danielle (Ren\u00e9)<\/p>\n<p>Johanne (Alain)<\/p>\n<p>&nbsp;<\/p>\n<p>ses fr\u00e8res<\/p>\n<p>Jean-Guy (Edwina)<\/p>\n<p>Paul-\u00c9mile (Lucette)<\/p>\n<p>R\u00e9nald (Patricia)<\/p>\n<p>Serge (Danielle)<\/p>\n<p>Ainsi que tous les membres de la famille Godbout, ses neveux, ni\u00e8ces, oncles, tantes, cousins, cousines et de nombreux amis (es).<\/p>\n<p>La famille vous accueillera le vendredi 3 mai \u00e0 compter de 19h \u00e0 la Maison fun\u00e9raire Santerre &amp; fils inc., situ\u00e9e au 18, rue Comeau \u00e0 Carleton.<\/p>\n<p>Les heures de visite sont de 19h \u00e0 21h.<\/p>\n<p>Les fun\u00e9railles de Cl\u00e9ment seront c\u00e9l\u00e9br\u00e9es en l&#8217;\u00e9glise de Carleton le samedi 4 mai \u00e0 10h. L&#8217;inhumation aura lieu au cimeti\u00e8re de Carleton, dans l&#8217;intimit\u00e9 l&#8217;ult\u00e9rieurement.<\/p>\n<p>Il est \u00e0 noter que samedi jour des fun\u00e9railles, le salon ouvrira \u00e0 9h.<\/p>\n<p>La direction \u00e0 \u00e9t\u00e9 confi\u00e9e \u00e0 la Maison fun\u00e9raire Santerre &amp; Fils inc., de Carleton une entreprise membre et certifi\u00e9e Distinction de la Corporation des Thanatologues du Qu\u00e9bec.<\/p>\n<p>Tous le Personnel de la Maison fun\u00e9raire Santerre &amp; Fils, offre \u00e0 la famille ses plus sinc\u00e8res condol\u00e9ances et la remercie pour sa confiance.<\/p>\n<p>&nbsp;<\/p>\n<p>Vos t\u00e9moignages de sympathie peuvent se traduire par un don \u00e0:<\/p>\n<p>&nbsp;<\/p>\n<p>Soci\u00e9t\u00e9 de la Scl\u00e9rose Lat\u00e9rale Amyotrophique du Qu\u00e9bec<\/p>\n<p>5415, rue Par\u00e9, Bureau 200<\/p>\n<p>MONT-ROYAL (Qc)<\/p>\n<p>H4P 1P7<\/p>\n<p>Courriel: info@sla-quebec.ca<\/p>\n<p>www.sla-quebec.ca<\/p>\n<p>&nbsp;<\/p>\n","protected":false},"featured_media":5798,"comment_status":"open","ping_status":"closed","template":"","meta":{"_acf_changed":false,"jetpack_publicize_message":"","jetpack_publicize_feature_enabled":true,"jetpack_social_post_already_shared":false,"jetpack_social_options":{"image_generator_settings":{"template":"highway","default_image_id":0,"font":"","enabled":false},"version":2}},"class_list":["post-5797","deces","type-deces","status-publish","has-post-thumbnail","hentry"],"acf":[],"yoast_head":"<!-- This site is optimized with the Yoast SEO plugin v26.9 - https:\/\/yoast.com\/product\/yoast-seo-wordpress\/ -->\n<title>Obituary : Cl\u00e9ment BOUDREAU, 1957-05-15 \u2013 2019-05-02<\/title>\n<meta name=\"robots\" content=\"index, follow, max-snippet:-1, max-image-preview:large, max-video-preview:-1\" \/>\n<link rel=\"canonical\" href=\"https:\/\/santerreetfils.com\/en\/obituary\/clement-boudreau\/\" \/>\n<meta property=\"og:locale\" content=\"en_US\" \/>\n<meta property=\"og:type\" content=\"article\" \/>\n<meta property=\"og:title\" content=\"Obituary : Cl\u00e9ment BOUDREAU, 1957-05-15 \u2013 2019-05-02\" \/>\n<meta property=\"og:description\" content=\"A son domicile le 2 mai 2019, est d\u00e9c\u00e9d\u00e9 \u00e0 l&#8217;\u00e2ge de 61 ans, monsieur Cl\u00e9ment Boudreau fils de feu Jeanne d&#8217;Arc Roy et de feu Jules Boudreau, il demeurait \u00e0 Carleton. Cl\u00e9ment laisse dans le deuil: sa conjointe: Marie-Th\u00e9r\u00e8se Godbout ses enfants : Natacha et Alexandre, leur conjoint et conjointe sa petite-fille Ang\u00e9lie la [&hellip;]\" \/>\n<meta property=\"og:url\" content=\"https:\/\/santerreetfils.com\/en\/obituary\/clement-boudreau\/\" \/>\n<meta property=\"og:site_name\" content=\"Santerre &amp; Fils - Maison fun\u00e9raire\" \/>\n<meta property=\"article:modified_time\" content=\"2022-03-05T12:05:11+00:00\" \/>\n<meta property=\"og:image\" content=\"https:\/\/santerreetfils.com\/wp-content\/uploads\/2019\/05\/Boudreau-clement-internet.jpg\" \/>\n\t<meta property=\"og:image:width\" content=\"600\" \/>\n\t<meta property=\"og:image:height\" content=\"750\" \/>\n\t<meta property=\"og:image:type\" content=\"image\/jpeg\" \/>\n<meta name=\"twitter:card\" content=\"summary_large_image\" \/>\n<meta name=\"twitter:label1\" content=\"Est. reading time\" \/>\n\t<meta name=\"twitter:data1\" content=\"1 minute\" \/>\n<script type=\"application\/ld+json\" class=\"yoast-schema-graph\">{\"@context\":\"https:\/\/schema.org\",\"@graph\":[{\"@type\":\"WebPage\",\"@id\":\"https:\/\/santerreetfils.com\/en\/obituary\/clement-boudreau\/\",\"url\":\"https:\/\/santerreetfils.com\/en\/obituary\/clement-boudreau\/\",\"name\":\"Cl\u00e9ment Boudreau - Santerre &amp; Fils - Maison fun\u00e9raire\",\"isPartOf\":{\"@id\":\"https:\/\/santerreetfils.com\/en\/#website\"},\"primaryImageOfPage\":{\"@id\":\"https:\/\/santerreetfils.com\/en\/obituary\/clement-boudreau\/#primaryimage\"},\"image\":{\"@id\":\"https:\/\/santerreetfils.com\/en\/obituary\/clement-boudreau\/#primaryimage\"},\"thumbnailUrl\":\"https:\/\/santerreetfils.com\/wp-content\/uploads\/2019\/05\/Boudreau-clement-internet.jpg\",\"datePublished\":\"2019-05-02T21:27:03+00:00\",\"dateModified\":\"2022-03-05T12:05:11+00:00\",\"breadcrumb\":{\"@id\":\"https:\/\/santerreetfils.com\/en\/obituary\/clement-boudreau\/#breadcrumb\"},\"inLanguage\":\"en-US\",\"potentialAction\":[{\"@type\":\"ReadAction\",\"target\":[\"https:\/\/santerreetfils.com\/en\/obituary\/clement-boudreau\/\"]}]},{\"@type\":\"ImageObject\",\"inLanguage\":\"en-US\",\"@id\":\"https:\/\/santerreetfils.com\/en\/obituary\/clement-boudreau\/#primaryimage\",\"url\":\"https:\/\/santerreetfils.com\/wp-content\/uploads\/2019\/05\/Boudreau-clement-internet.jpg\",\"contentUrl\":\"https:\/\/santerreetfils.com\/wp-content\/uploads\/2019\/05\/Boudreau-clement-internet.jpg\",\"width\":600,\"height\":750},{\"@type\":\"BreadcrumbList\",\"@id\":\"https:\/\/santerreetfils.com\/en\/obituary\/clement-boudreau\/#breadcrumb\",\"itemListElement\":[{\"@type\":\"ListItem\",\"position\":1,\"name\":\"Accueil\",\"item\":\"https:\/\/santerreetfils.com\/en\/\"},{\"@type\":\"ListItem\",\"position\":2,\"name\":\"Avis de d\u00e9c\u00e8s\",\"item\":\"https:\/\/santerreetfils.com\/en\/obituary\/\"},{\"@type\":\"ListItem\",\"position\":3,\"name\":\"Cl\u00e9ment Boudreau\"}]},{\"@type\":\"WebSite\",\"@id\":\"https:\/\/santerreetfils.com\/en\/#website\",\"url\":\"https:\/\/santerreetfils.com\/en\/\",\"name\":\"Santerre &amp; Fils - Maison fun\u00e9raire\",\"description\":\"\",\"potentialAction\":[{\"@type\":\"SearchAction\",\"target\":{\"@type\":\"EntryPoint\",\"urlTemplate\":\"https:\/\/santerreetfils.com\/en\/?s={search_term_string}\"},\"query-input\":{\"@type\":\"PropertyValueSpecification\",\"valueRequired\":true,\"valueName\":\"search_term_string\"}}],\"inLanguage\":\"en-US\"}]}<\/script>\n<!-- \/ Yoast SEO plugin. -->","yoast_head_json":{"title":"Obituary : Cl\u00e9ment BOUDREAU, 1957-05-15 \u2013 2019-05-02","robots":{"index":"index","follow":"follow","max-snippet":"max-snippet:-1","max-image-preview":"max-image-preview:large","max-video-preview":"max-video-preview:-1"},"canonical":"https:\/\/santerreetfils.com\/en\/obituary\/clement-boudreau\/","og_locale":"en_US","og_type":"article","og_title":"Obituary : Cl\u00e9ment BOUDREAU, 1957-05-15 \u2013 2019-05-02","og_description":"A son domicile le 2 mai 2019, est d\u00e9c\u00e9d\u00e9 \u00e0 l&#8217;\u00e2ge de 61 ans, monsieur Cl\u00e9ment Boudreau fils de feu Jeanne d&#8217;Arc Roy et de feu Jules Boudreau, il demeurait \u00e0 Carleton. Cl\u00e9ment laisse dans le deuil: sa conjointe: Marie-Th\u00e9r\u00e8se Godbout ses enfants : Natacha et Alexandre, leur conjoint et conjointe sa petite-fille Ang\u00e9lie la [&hellip;]","og_url":"https:\/\/santerreetfils.com\/en\/obituary\/clement-boudreau\/","og_site_name":"Santerre &amp; Fils - Maison fun\u00e9raire","article_modified_time":"2022-03-05T12:05:11+00:00","og_image":[{"width":600,"height":750,"url":"https:\/\/santerreetfils.com\/wp-content\/uploads\/2019\/05\/Boudreau-clement-internet.jpg","type":"image\/jpeg"}],"twitter_card":"summary_large_image","twitter_misc":{"Est. reading time":"1 minute"},"schema":{"@context":"https:\/\/schema.org","@graph":[{"@type":"WebPage","@id":"https:\/\/santerreetfils.com\/en\/obituary\/clement-boudreau\/","url":"https:\/\/santerreetfils.com\/en\/obituary\/clement-boudreau\/","name":"Cl\u00e9ment Boudreau - Santerre &amp; Fils - Maison fun\u00e9raire","isPartOf":{"@id":"https:\/\/santerreetfils.com\/en\/#website"},"primaryImageOfPage":{"@id":"https:\/\/santerreetfils.com\/en\/obituary\/clement-boudreau\/#primaryimage"},"image":{"@id":"https:\/\/santerreetfils.com\/en\/obituary\/clement-boudreau\/#primaryimage"},"thumbnailUrl":"https:\/\/santerreetfils.com\/wp-content\/uploads\/2019\/05\/Boudreau-clement-internet.jpg","datePublished":"2019-05-02T21:27:03+00:00","dateModified":"2022-03-05T12:05:11+00:00","breadcrumb":{"@id":"https:\/\/santerreetfils.com\/en\/obituary\/clement-boudreau\/#breadcrumb"},"inLanguage":"en-US","potentialAction":[{"@type":"ReadAction","target":["https:\/\/santerreetfils.com\/en\/obituary\/clement-boudreau\/"]}]},{"@type":"ImageObject","inLanguage":"en-US","@id":"https:\/\/santerreetfils.com\/en\/obituary\/clement-boudreau\/#primaryimage","url":"https:\/\/santerreetfils.com\/wp-content\/uploads\/2019\/05\/Boudreau-clement-internet.jpg","contentUrl":"https:\/\/santerreetfils.com\/wp-content\/uploads\/2019\/05\/Boudreau-clement-internet.jpg","width":600,"height":750},{"@type":"BreadcrumbList","@id":"https:\/\/santerreetfils.com\/en\/obituary\/clement-boudreau\/#breadcrumb","itemListElement":[{"@type":"ListItem","position":1,"name":"Accueil","item":"https:\/\/santerreetfils.com\/en\/"},{"@type":"ListItem","position":2,"name":"Avis de d\u00e9c\u00e8s","item":"https:\/\/santerreetfils.com\/en\/obituary\/"},{"@type":"ListItem","position":3,"name":"Cl\u00e9ment Boudreau"}]},{"@type":"WebSite","@id":"https:\/\/santerreetfils.com\/en\/#website","url":"https:\/\/santerreetfils.com\/en\/","name":"Santerre &amp; Fils - Maison fun\u00e9raire","description":"","potentialAction":[{"@type":"SearchAction","target":{"@type":"EntryPoint","urlTemplate":"https:\/\/santerreetfils.com\/en\/?s={search_term_string}"},"query-input":{"@type":"PropertyValueSpecification","valueRequired":true,"valueName":"search_term_string"}}],"inLanguage":"en-US"}]}},"jetpack_publicize_connections":[],"_links":{"self":[{"href":"https:\/\/santerreetfils.com\/en\/wp-json\/wp\/v2\/deces\/5797","targetHints":{"allow":["GET"]}}],"collection":[{"href":"https:\/\/santerreetfils.com\/en\/wp-json\/wp\/v2\/deces"}],"about":[{"href":"https:\/\/santerreetfils.com\/en\/wp-json\/wp\/v2\/types\/deces"}],"replies":[{"embeddable":true,"href":"https:\/\/santerreetfils.com\/en\/wp-json\/wp\/v2\/comments?post=5797"}],"wp:featuredmedia":[{"embeddable":true,"href":"https:\/\/santerreetfils.com\/en\/wp-json\/wp\/v2\/media\/5798"}],"wp:attachment":[{"href":"https:\/\/santerreetfils.com\/en\/wp-json\/wp\/v2\/media?parent=5797"}],"curies":[{"name":"wp","href":"https:\/\/api.w.org\/{rel}","templated":true}]}}

Clément Boudreau

<p>A son domicile le 2 mai 2019, est décédé à l&#8217;âge de 61 ans, monsieur Clément Boudreau fils de feu Jeanne d&#8217;Arc Roy et de feu Jules Boudreau, il demeurait à Carleton.</p>
<p>Clément laisse dans le deuil:</p>
<p>sa conjointe: Marie-Thérèse Godbout</p>
<p>ses enfants : Natacha et Alexandre, leur conjoint et conjointe</p>
<p>sa petite-fille Angélie</p>
<p>la fille de Marie-Thérèse Mia et son conjoint</p>
<p>Il laisse aussi:</p>
<p>ses soeurs</p>
<p>Denise (Jean-Marc)</p>
<p>Michelle (Elvin)</p>
<p>Danielle (René)</p>
<p>Johanne (Alain)</p>
<p>&nbsp;</p>
<p>ses frères</p>
<p>Jean-Guy (Edwina)</p>
<p>Paul-Émile (Lucette)</p>
<p>Rénald (Patricia)</p>
<p>Serge (Danielle)</p>
<p>Ainsi que tous les membres de la famille Godbout, ses neveux, nièces, oncles, tantes, cousins, cousines et de nombreux amis (es).</p>
<p>La famille vous accueillera le vendredi 3 mai à compter de 19h à la Maison funéraire Santerre &amp; fils inc., située au 18, rue Comeau à Carleton.</p>
<p>Les heures de visite sont de 19h à 21h.</p>
<p>Les funérailles de Clément seront célébrées en l&#8217;église de Carleton le samedi 4 mai à 10h. L&#8217;inhumation aura lieu au cimetière de Carleton, dans l&#8217;intimité l&#8217;ultérieurement.</p>
<p>Il est à noter que samedi jour des funérailles, le salon ouvrira à 9h.</p>
<p>La direction à été confiée à la Maison funéraire Santerre &amp; Fils inc., de Carleton une entreprise membre et certifiée Distinction de la Corporation des Thanatologues du Québec.</p>
<p>Tous le Personnel de la Maison funéraire Santerre &amp; Fils, offre à la famille ses plus sincères condoléances et la remercie pour sa confiance.</p>
<p>&nbsp;</p>
<p>Vos témoignages de sympathie peuvent se traduire par un don à:</p>
<p>&nbsp;</p>
<p>Société de la Sclérose Latérale Amyotrophique du Québec</p>
<p>5415, rue Paré, Bureau 200</p>
<p>MONT-ROYAL (Qc)</p>
<p>H4P 1P7</p>
<p>Courriel: info@sla-quebec.ca</p>
<p>www.sla-quebec.ca</p>
<p>&nbsp;</p>

<!-- This site is optimized with the Yoast SEO plugin v26.9 - https://yoast.com/product/yoast-seo-wordpress/ -->
<title>Obituary : Clément BOUDREAU, 1957-05-15 – 2019-05-02</title>
<meta name="robots" content="index, follow, max-snippet:-1, max-image-preview:large, max-video-preview:-1" />
<link rel="canonical" href="https://santerreetfils.com/en/obituary/clement-boudreau/" />
<meta property="og:locale" content="en_US" />
<meta property="og:type" content="article" />
<meta property="og:title" content="Obituary : Clément BOUDREAU, 1957-05-15 – 2019-05-02" />
<meta property="og:description" content="A son domicile le 2 mai 2019, est décédé à l&#8217;âge de 61 ans, monsieur Clément Boudreau fils de feu Jeanne d&#8217;Arc Roy et de feu Jules Boudreau, il demeurait à Carleton. Clément laisse dans le deuil: sa conjointe: Marie-Thérèse Godbout ses enfants : Natacha et Alexandre, leur conjoint et conjointe sa petite-fille Angélie la [&hellip;]" />
<meta property="og:url" content="https://santerreetfils.com/en/obituary/clement-boudreau/" />
<meta property="og:site_name" content="Santerre &amp; Fils - Maison funéraire" />
<meta property="article:modified_time" content="2022-03-05T12:05:11+00:00" />
<meta property="og:image" content="https://santerreetfils.com/wp-content/uploads/2019/05/Boudreau-clement-internet.jpg" />
	<meta property="og:image:width" content="600" />
	<meta property="og:image:height" content="750" />
	<meta property="og:image:type" content="image/jpeg" />
<meta name="twitter:card" content="summary_large_image" />
<meta name="twitter:label1" content="Est. reading time" />
	<meta name="twitter:data1" content="1 minute" />
<script type="application/ld+json" class="yoast-schema-graph">{"@context":"https://schema.org","@graph":[{"@type":"WebPage","@id":"https://santerreetfils.com/en/obituary/clement-boudreau/","url":"https://santerreetfils.com/en/obituary/clement-boudreau/","name":"Clément Boudreau - Santerre &amp; Fils - Maison funéraire","isPartOf":{"@id":"https://santerreetfils.com/en/#website"},"primaryImageOfPage":{"@id":"https://santerreetfils.com/en/obituary/clement-boudreau/#primaryimage"},"image":{"@id":"https://santerreetfils.com/en/obituary/clement-boudreau/#primaryimage"},"thumbnailUrl":"https://santerreetfils.com/wp-content/uploads/2019/05/Boudreau-clement-internet.jpg","datePublished":"2019-05-02T21:27:03+00:00","dateModified":"2022-03-05T12:05:11+00:00","breadcrumb":{"@id":"https://santerreetfils.com/en/obituary/clement-boudreau/#breadcrumb"},"inLanguage":"en-US","potentialAction":[{"@type":"ReadAction","target":["https://santerreetfils.com/en/obituary/clement-boudreau/"]}]},{"@type":"ImageObject","inLanguage":"en-US","@id":"https://santerreetfils.com/en/obituary/clement-boudreau/#primaryimage","url":"https://santerreetfils.com/wp-content/uploads/2019/05/Boudreau-clement-internet.jpg","contentUrl":"https://santerreetfils.com/wp-content/uploads/2019/05/Boudreau-clement-internet.jpg","width":600,"height":750},{"@type":"BreadcrumbList","@id":"https://santerreetfils.com/en/obituary/clement-boudreau/#breadcrumb","itemListElement":[{"@type":"ListItem","position":1,"name":"Accueil","item":"https://santerreetfils.com/en/"},{"@type":"ListItem","position":2,"name":"Avis de décès","item":"https://santerreetfils.com/en/obituary/"},{"@type":"ListItem","position":3,"name":"Clément Boudreau"}]},{"@type":"WebSite","@id":"https://santerreetfils.com/en/#website","url":"https://santerreetfils.com/en/","name":"Santerre &amp; Fils - Maison funéraire","description":"","potentialAction":[{"@type":"SearchAction","target":{"@type":"EntryPoint","urlTemplate":"https://santerreetfils.com/en/?s={search_term_string}"},"query-input":{"@type":"PropertyValueSpecification","valueRequired":true,"valueName":"search_term_string"}}],"inLanguage":"en-US"}]}</script>
<!-- / Yoast SEO plugin. -->

Obituary : Clément BOUDREAU, 1957-05-15 – 2019-05-02

A son domicile le 2 mai 2019, est décédé à l&#8217;âge de 61 ans, monsieur Clément Boudreau fils de feu Jeanne d&#8217;Arc Roy et de feu Jules Boudreau, il demeurait à Carleton. Clément laisse dans le deuil: sa conjointe: Marie-Thérèse Godbout ses enfants : Natacha et Alexandre, leur conjoint et conjointe sa petite-fille Angélie la [&hellip;]

Santerre &amp; Fils - Maison funéraire

Clément Boudreau - Santerre &amp; Fils - Maison funéraire

Avis de décès
