{"id":6036,"date":"2018-06-13T13:53:19","date_gmt":"2018-06-13T17:53:19","guid":{"rendered":"https:\/\/santerreetfils.com\/avis-de-deces\/jean-guy-leblanc\/"},"modified":"2022-03-05T07:07:44","modified_gmt":"2022-03-05T12:07:44","slug":"jean-guy-leblanc","status":"publish","type":"deces","link":"https:\/\/santerreetfils.com\/en\/obituary\/jean-guy-leblanc\/","title":{"rendered":"Jean-Guy LEBLANC"},"content":{"rendered":"<p>Au Centre hospitalier Baie-des-Chaleurs de Maria le 14 mars 2018, est d\u00e9c\u00e9d\u00e9 \u00e0 l\u2019\u00e2ge de 71 ans, monsieur Jean-Guy Leblanc, \u00e9poux de dame Francine Audet. &nbsp;Il demeurait \u00e0 Carleton.<\/p>\n<p>Il \u00e9tait le fils de feu Louis-Philippe Leblanc et de feu Corona Leblanc.<\/p>\n<p>&nbsp;<\/p>\n<p>Monsieur Leblanc laisse dans le deuil&nbsp;outre son \u00e9pouse Francine,<\/p>\n<p>&nbsp;<\/p>\n<p>Sa fille Julie (Robert Landry \u2013Roby)<\/p>\n<p>&nbsp;<\/p>\n<p>Ses petits-enfants William(Megan) et Annabelle<\/p>\n<p>&nbsp;<\/p>\n<p>Ses fr\u00e8res et s\u0153urs&nbsp;:<\/p>\n<p>Chantal (Guy)<\/p>\n<p>Pierre (Marie-H\u00e9l\u00e8ne)<\/p>\n<p>Isabelle (Evan)<\/p>\n<p>Louise-Marie<\/p>\n<p>Marielle (Jocelyn)<\/p>\n<p>feu Jacques-Yves<\/p>\n<p>&nbsp;<\/p>\n<p>Son beau-fr\u00e8re Louis-Philippe Audet (Micheline)<\/p>\n<p>&nbsp;<\/p>\n<p>&nbsp;Ainsi que tous ses neveux et ni\u00e8ces, cousins et cousines et de tr\u00e8s nombreux amis(es).<\/p>\n<p>&nbsp;<\/p>\n<p>&nbsp;<\/p>\n<p>La famille vous accueillera le samedi 31 mars \u00e0 compter de 13h \u00e0 la Maison Fun\u00e9raire Santerre et Fils inc., situ\u00e9e au 18, rue Comeau \u00e0 Carleton.<\/p>\n<p>Les heures de visite auront lieu en apr\u00e8s-midi seulement de 13h \u00e0 15h.<\/p>\n<p>Une courte c\u00e9r\u00e9monie \u00e0 la m\u00e9moire de monsieur Leblanc aura lieu au salon fun\u00e9raire \u00e0 15h.<\/p>\n<p>&nbsp;<\/p>\n<p>La direction a \u00e9t\u00e9 confi\u00e9e \u00e0 la Maison Fun\u00e9raire Santerre &amp; Fils inc., de Carleton, entreprise membre de la corporation des thanatologues du Qu\u00e9bec.<\/p>\n<p>&nbsp;<\/p>\n<p>Le personnel de la Maison fun\u00e9raire Santerre &amp; Fils, offre \u00e0 la famille ses plus sinc\u00e8res condol\u00e9ances et la remercie pour sa confiance.<\/p>\n<p>&nbsp;<\/p>\n<p align=\"center\">&nbsp;<\/p>\n<p align=\"center\">Toutes marques de sympathies peuvent se traduire par un don \u00e0&nbsp;:<\/p>\n<p align=\"center\">&nbsp;<\/p>\n<p align=\"center\"><strong>Fondation Sant\u00e9 Baie-des-Chaleurs<\/strong> <br \/> 419, Perron, Maria (Qu\u00e9bec)&nbsp; G0C 1Y0<\/p>\n<p align=\"center\">&nbsp;<\/p>\n<p align=\"center\">La famille remercie toute l\u2019\u00e9quipe du CLSC de St-Omer et le personnel soignant du d\u00e9partement d\u2019oncologie du centre hospitalier de Maria, pour leur soutien et leur bienveillance envers Jean-Guy.<\/p>\n<p align=\"center\">&nbsp;<\/p>\n<p align=\"center\">Un remerciement sp\u00e9cial aux Dr Sylvain Levac et Dr Simon Pr\u00e9vost pour leur approche humaine et leur d\u00e9vouement.<\/p>\n<p align=\"center\">&nbsp;<\/p>\n<p align=\"center\">&nbsp;<\/p>\n<p align=\"center\">&nbsp;<\/p>\n","protected":false},"featured_media":6037,"comment_status":"open","ping_status":"closed","template":"","meta":{"_acf_changed":false,"jetpack_publicize_message":"","jetpack_publicize_feature_enabled":true,"jetpack_social_post_already_shared":false,"jetpack_social_options":{"image_generator_settings":{"template":"highway","default_image_id":0,"font":"","enabled":false},"version":2}},"class_list":["post-6036","deces","type-deces","status-publish","has-post-thumbnail","hentry"],"acf":[],"yoast_head":"<!-- This site is optimized with the Yoast SEO plugin v26.9 - https:\/\/yoast.com\/product\/yoast-seo-wordpress\/ -->\n<title>Obituary : Jean-Guy LEBLANC, 1947-03-16 \u2013 2018-03-16<\/title>\n<meta name=\"robots\" content=\"index, follow, max-snippet:-1, max-image-preview:large, max-video-preview:-1\" \/>\n<link rel=\"canonical\" href=\"https:\/\/santerreetfils.com\/en\/obituary\/jean-guy-leblanc\/\" \/>\n<meta property=\"og:locale\" content=\"en_US\" \/>\n<meta property=\"og:type\" content=\"article\" \/>\n<meta property=\"og:title\" content=\"Obituary : Jean-Guy LEBLANC, 1947-03-16 \u2013 2018-03-16\" \/>\n<meta property=\"og:description\" content=\"Au Centre hospitalier Baie-des-Chaleurs de Maria le 14 mars 2018, est d\u00e9c\u00e9d\u00e9 \u00e0 l\u2019\u00e2ge de 71 ans, monsieur Jean-Guy Leblanc, \u00e9poux de dame Francine Audet. &nbsp;Il demeurait \u00e0 Carleton. Il \u00e9tait le fils de feu Louis-Philippe Leblanc et de feu Corona Leblanc. &nbsp; Monsieur Leblanc laisse dans le deuil&nbsp;outre son \u00e9pouse Francine, &nbsp; Sa fille [&hellip;]\" \/>\n<meta property=\"og:url\" content=\"https:\/\/santerreetfils.com\/en\/obituary\/jean-guy-leblanc\/\" \/>\n<meta property=\"og:site_name\" content=\"Santerre &amp; Fils - Maison fun\u00e9raire\" \/>\n<meta property=\"article:modified_time\" content=\"2022-03-05T12:07:44+00:00\" \/>\n<meta property=\"og:image\" content=\"https:\/\/santerreetfils.com\/wp-content\/uploads\/2018\/06\/papa-1.jpg\" \/>\n\t<meta property=\"og:image:width\" content=\"785\" \/>\n\t<meta property=\"og:image:height\" content=\"960\" \/>\n\t<meta property=\"og:image:type\" content=\"image\/jpeg\" \/>\n<meta name=\"twitter:card\" content=\"summary_large_image\" \/>\n<meta name=\"twitter:label1\" content=\"Est. reading time\" \/>\n\t<meta name=\"twitter:data1\" content=\"2 minutes\" \/>\n<script type=\"application\/ld+json\" class=\"yoast-schema-graph\">{\"@context\":\"https:\/\/schema.org\",\"@graph\":[{\"@type\":\"WebPage\",\"@id\":\"https:\/\/santerreetfils.com\/en\/obituary\/jean-guy-leblanc\/\",\"url\":\"https:\/\/santerreetfils.com\/en\/obituary\/jean-guy-leblanc\/\",\"name\":\"Jean-Guy LEBLANC - Santerre &amp; Fils - Maison fun\u00e9raire\",\"isPartOf\":{\"@id\":\"https:\/\/santerreetfils.com\/en\/#website\"},\"primaryImageOfPage\":{\"@id\":\"https:\/\/santerreetfils.com\/en\/obituary\/jean-guy-leblanc\/#primaryimage\"},\"image\":{\"@id\":\"https:\/\/santerreetfils.com\/en\/obituary\/jean-guy-leblanc\/#primaryimage\"},\"thumbnailUrl\":\"https:\/\/santerreetfils.com\/wp-content\/uploads\/2018\/06\/papa-1.jpg\",\"datePublished\":\"2018-06-13T17:53:19+00:00\",\"dateModified\":\"2022-03-05T12:07:44+00:00\",\"breadcrumb\":{\"@id\":\"https:\/\/santerreetfils.com\/en\/obituary\/jean-guy-leblanc\/#breadcrumb\"},\"inLanguage\":\"en-US\",\"potentialAction\":[{\"@type\":\"ReadAction\",\"target\":[\"https:\/\/santerreetfils.com\/en\/obituary\/jean-guy-leblanc\/\"]}]},{\"@type\":\"ImageObject\",\"inLanguage\":\"en-US\",\"@id\":\"https:\/\/santerreetfils.com\/en\/obituary\/jean-guy-leblanc\/#primaryimage\",\"url\":\"https:\/\/santerreetfils.com\/wp-content\/uploads\/2018\/06\/papa-1.jpg\",\"contentUrl\":\"https:\/\/santerreetfils.com\/wp-content\/uploads\/2018\/06\/papa-1.jpg\",\"width\":785,\"height\":960},{\"@type\":\"BreadcrumbList\",\"@id\":\"https:\/\/santerreetfils.com\/en\/obituary\/jean-guy-leblanc\/#breadcrumb\",\"itemListElement\":[{\"@type\":\"ListItem\",\"position\":1,\"name\":\"Accueil\",\"item\":\"https:\/\/santerreetfils.com\/en\/\"},{\"@type\":\"ListItem\",\"position\":2,\"name\":\"Avis de d\u00e9c\u00e8s\",\"item\":\"https:\/\/santerreetfils.com\/en\/obituary\/\"},{\"@type\":\"ListItem\",\"position\":3,\"name\":\"Jean-Guy LEBLANC\"}]},{\"@type\":\"WebSite\",\"@id\":\"https:\/\/santerreetfils.com\/en\/#website\",\"url\":\"https:\/\/santerreetfils.com\/en\/\",\"name\":\"Santerre &amp; Fils - Maison fun\u00e9raire\",\"description\":\"\",\"potentialAction\":[{\"@type\":\"SearchAction\",\"target\":{\"@type\":\"EntryPoint\",\"urlTemplate\":\"https:\/\/santerreetfils.com\/en\/?s={search_term_string}\"},\"query-input\":{\"@type\":\"PropertyValueSpecification\",\"valueRequired\":true,\"valueName\":\"search_term_string\"}}],\"inLanguage\":\"en-US\"}]}<\/script>\n<!-- \/ Yoast SEO plugin. -->","yoast_head_json":{"title":"Obituary : Jean-Guy LEBLANC, 1947-03-16 \u2013 2018-03-16","robots":{"index":"index","follow":"follow","max-snippet":"max-snippet:-1","max-image-preview":"max-image-preview:large","max-video-preview":"max-video-preview:-1"},"canonical":"https:\/\/santerreetfils.com\/en\/obituary\/jean-guy-leblanc\/","og_locale":"en_US","og_type":"article","og_title":"Obituary : Jean-Guy LEBLANC, 1947-03-16 \u2013 2018-03-16","og_description":"Au Centre hospitalier Baie-des-Chaleurs de Maria le 14 mars 2018, est d\u00e9c\u00e9d\u00e9 \u00e0 l\u2019\u00e2ge de 71 ans, monsieur Jean-Guy Leblanc, \u00e9poux de dame Francine Audet. &nbsp;Il demeurait \u00e0 Carleton. Il \u00e9tait le fils de feu Louis-Philippe Leblanc et de feu Corona Leblanc. &nbsp; Monsieur Leblanc laisse dans le deuil&nbsp;outre son \u00e9pouse Francine, &nbsp; Sa fille [&hellip;]","og_url":"https:\/\/santerreetfils.com\/en\/obituary\/jean-guy-leblanc\/","og_site_name":"Santerre &amp; Fils - Maison fun\u00e9raire","article_modified_time":"2022-03-05T12:07:44+00:00","og_image":[{"width":785,"height":960,"url":"https:\/\/santerreetfils.com\/wp-content\/uploads\/2018\/06\/papa-1.jpg","type":"image\/jpeg"}],"twitter_card":"summary_large_image","twitter_misc":{"Est. reading time":"2 minutes"},"schema":{"@context":"https:\/\/schema.org","@graph":[{"@type":"WebPage","@id":"https:\/\/santerreetfils.com\/en\/obituary\/jean-guy-leblanc\/","url":"https:\/\/santerreetfils.com\/en\/obituary\/jean-guy-leblanc\/","name":"Jean-Guy LEBLANC - Santerre &amp; Fils - Maison fun\u00e9raire","isPartOf":{"@id":"https:\/\/santerreetfils.com\/en\/#website"},"primaryImageOfPage":{"@id":"https:\/\/santerreetfils.com\/en\/obituary\/jean-guy-leblanc\/#primaryimage"},"image":{"@id":"https:\/\/santerreetfils.com\/en\/obituary\/jean-guy-leblanc\/#primaryimage"},"thumbnailUrl":"https:\/\/santerreetfils.com\/wp-content\/uploads\/2018\/06\/papa-1.jpg","datePublished":"2018-06-13T17:53:19+00:00","dateModified":"2022-03-05T12:07:44+00:00","breadcrumb":{"@id":"https:\/\/santerreetfils.com\/en\/obituary\/jean-guy-leblanc\/#breadcrumb"},"inLanguage":"en-US","potentialAction":[{"@type":"ReadAction","target":["https:\/\/santerreetfils.com\/en\/obituary\/jean-guy-leblanc\/"]}]},{"@type":"ImageObject","inLanguage":"en-US","@id":"https:\/\/santerreetfils.com\/en\/obituary\/jean-guy-leblanc\/#primaryimage","url":"https:\/\/santerreetfils.com\/wp-content\/uploads\/2018\/06\/papa-1.jpg","contentUrl":"https:\/\/santerreetfils.com\/wp-content\/uploads\/2018\/06\/papa-1.jpg","width":785,"height":960},{"@type":"BreadcrumbList","@id":"https:\/\/santerreetfils.com\/en\/obituary\/jean-guy-leblanc\/#breadcrumb","itemListElement":[{"@type":"ListItem","position":1,"name":"Accueil","item":"https:\/\/santerreetfils.com\/en\/"},{"@type":"ListItem","position":2,"name":"Avis de d\u00e9c\u00e8s","item":"https:\/\/santerreetfils.com\/en\/obituary\/"},{"@type":"ListItem","position":3,"name":"Jean-Guy LEBLANC"}]},{"@type":"WebSite","@id":"https:\/\/santerreetfils.com\/en\/#website","url":"https:\/\/santerreetfils.com\/en\/","name":"Santerre &amp; Fils - Maison fun\u00e9raire","description":"","potentialAction":[{"@type":"SearchAction","target":{"@type":"EntryPoint","urlTemplate":"https:\/\/santerreetfils.com\/en\/?s={search_term_string}"},"query-input":{"@type":"PropertyValueSpecification","valueRequired":true,"valueName":"search_term_string"}}],"inLanguage":"en-US"}]}},"jetpack_publicize_connections":[],"_links":{"self":[{"href":"https:\/\/santerreetfils.com\/en\/wp-json\/wp\/v2\/deces\/6036","targetHints":{"allow":["GET"]}}],"collection":[{"href":"https:\/\/santerreetfils.com\/en\/wp-json\/wp\/v2\/deces"}],"about":[{"href":"https:\/\/santerreetfils.com\/en\/wp-json\/wp\/v2\/types\/deces"}],"replies":[{"embeddable":true,"href":"https:\/\/santerreetfils.com\/en\/wp-json\/wp\/v2\/comments?post=6036"}],"wp:featuredmedia":[{"embeddable":true,"href":"https:\/\/santerreetfils.com\/en\/wp-json\/wp\/v2\/media\/6037"}],"wp:attachment":[{"href":"https:\/\/santerreetfils.com\/en\/wp-json\/wp\/v2\/media?parent=6036"}],"curies":[{"name":"wp","href":"https:\/\/api.w.org\/{rel}","templated":true}]}}

<p>Au Centre hospitalier Baie-des-Chaleurs de Maria le 14 mars 2018, est décédé à l’âge de 71 ans, monsieur Jean-Guy Leblanc, époux de dame Francine Audet. &nbsp;Il demeurait à Carleton.</p>
<p>Il était le fils de feu Louis-Philippe Leblanc et de feu Corona Leblanc.</p>
<p>&nbsp;</p>
<p>Monsieur Leblanc laisse dans le deuil&nbsp;outre son épouse Francine,</p>
<p>&nbsp;</p>
<p>Sa fille Julie (Robert Landry –Roby)</p>
<p>&nbsp;</p>
<p>Ses petits-enfants William(Megan) et Annabelle</p>
<p>&nbsp;</p>
<p>Ses frères et sœurs&nbsp;:</p>
<p>Chantal (Guy)</p>
<p>Pierre (Marie-Hélène)</p>
<p>Isabelle (Evan)</p>
<p>Louise-Marie</p>
<p>Marielle (Jocelyn)</p>
<p>feu Jacques-Yves</p>
<p>&nbsp;</p>
<p>Son beau-frère Louis-Philippe Audet (Micheline)</p>
<p>&nbsp;</p>
<p>&nbsp;Ainsi que tous ses neveux et nièces, cousins et cousines et de très nombreux amis(es).</p>
<p>&nbsp;</p>
<p>&nbsp;</p>
<p>La famille vous accueillera le samedi 31 mars à compter de 13h à la Maison Funéraire Santerre et Fils inc., située au 18, rue Comeau à Carleton.</p>
<p>Les heures de visite auront lieu en après-midi seulement de 13h à 15h.</p>
<p>Une courte cérémonie à la mémoire de monsieur Leblanc aura lieu au salon funéraire à 15h.</p>
<p>&nbsp;</p>
<p>La direction a été confiée à la Maison Funéraire Santerre &amp; Fils inc., de Carleton, entreprise membre de la corporation des thanatologues du Québec.</p>
<p>&nbsp;</p>
<p>Le personnel de la Maison funéraire Santerre &amp; Fils, offre à la famille ses plus sincères condoléances et la remercie pour sa confiance.</p>
<p>&nbsp;</p>
<p align="center">&nbsp;</p>
<p align="center">Toutes marques de sympathies peuvent se traduire par un don à&nbsp;:</p>
<p align="center">&nbsp;</p>
<p align="center"><strong>Fondation Santé Baie-des-Chaleurs</strong> <br /> 419, Perron, Maria (Québec)&nbsp; G0C 1Y0</p>
<p align="center">&nbsp;</p>
<p align="center">La famille remercie toute l’équipe du CLSC de St-Omer et le personnel soignant du département d’oncologie du centre hospitalier de Maria, pour leur soutien et leur bienveillance envers Jean-Guy.</p>
<p align="center">&nbsp;</p>
<p align="center">Un remerciement spécial aux Dr Sylvain Levac et Dr Simon Prévost pour leur approche humaine et leur dévouement.</p>
<p align="center">&nbsp;</p>
<p align="center">&nbsp;</p>
<p align="center">&nbsp;</p>

<!-- This site is optimized with the Yoast SEO plugin v26.9 - https://yoast.com/product/yoast-seo-wordpress/ -->
<title>Obituary : Jean-Guy LEBLANC, 1947-03-16 – 2018-03-16</title>
<meta name="robots" content="index, follow, max-snippet:-1, max-image-preview:large, max-video-preview:-1" />
<link rel="canonical" href="https://santerreetfils.com/en/obituary/jean-guy-leblanc/" />
<meta property="og:locale" content="en_US" />
<meta property="og:type" content="article" />
<meta property="og:title" content="Obituary : Jean-Guy LEBLANC, 1947-03-16 – 2018-03-16" />
<meta property="og:description" content="Au Centre hospitalier Baie-des-Chaleurs de Maria le 14 mars 2018, est décédé à l’âge de 71 ans, monsieur Jean-Guy Leblanc, époux de dame Francine Audet. &nbsp;Il demeurait à Carleton. Il était le fils de feu Louis-Philippe Leblanc et de feu Corona Leblanc. &nbsp; Monsieur Leblanc laisse dans le deuil&nbsp;outre son épouse Francine, &nbsp; Sa fille [&hellip;]" />
<meta property="og:url" content="https://santerreetfils.com/en/obituary/jean-guy-leblanc/" />
<meta property="og:site_name" content="Santerre &amp; Fils - Maison funéraire" />
<meta property="article:modified_time" content="2022-03-05T12:07:44+00:00" />
<meta property="og:image" content="https://santerreetfils.com/wp-content/uploads/2018/06/papa-1.jpg" />
	<meta property="og:image:width" content="785" />
	<meta property="og:image:height" content="960" />
	<meta property="og:image:type" content="image/jpeg" />
<meta name="twitter:card" content="summary_large_image" />
<meta name="twitter:label1" content="Est. reading time" />
	<meta name="twitter:data1" content="2 minutes" />
<script type="application/ld+json" class="yoast-schema-graph">{"@context":"https://schema.org","@graph":[{"@type":"WebPage","@id":"https://santerreetfils.com/en/obituary/jean-guy-leblanc/","url":"https://santerreetfils.com/en/obituary/jean-guy-leblanc/","name":"Jean-Guy LEBLANC - Santerre &amp; Fils - Maison funéraire","isPartOf":{"@id":"https://santerreetfils.com/en/#website"},"primaryImageOfPage":{"@id":"https://santerreetfils.com/en/obituary/jean-guy-leblanc/#primaryimage"},"image":{"@id":"https://santerreetfils.com/en/obituary/jean-guy-leblanc/#primaryimage"},"thumbnailUrl":"https://santerreetfils.com/wp-content/uploads/2018/06/papa-1.jpg","datePublished":"2018-06-13T17:53:19+00:00","dateModified":"2022-03-05T12:07:44+00:00","breadcrumb":{"@id":"https://santerreetfils.com/en/obituary/jean-guy-leblanc/#breadcrumb"},"inLanguage":"en-US","potentialAction":[{"@type":"ReadAction","target":["https://santerreetfils.com/en/obituary/jean-guy-leblanc/"]}]},{"@type":"ImageObject","inLanguage":"en-US","@id":"https://santerreetfils.com/en/obituary/jean-guy-leblanc/#primaryimage","url":"https://santerreetfils.com/wp-content/uploads/2018/06/papa-1.jpg","contentUrl":"https://santerreetfils.com/wp-content/uploads/2018/06/papa-1.jpg","width":785,"height":960},{"@type":"BreadcrumbList","@id":"https://santerreetfils.com/en/obituary/jean-guy-leblanc/#breadcrumb","itemListElement":[{"@type":"ListItem","position":1,"name":"Accueil","item":"https://santerreetfils.com/en/"},{"@type":"ListItem","position":2,"name":"Avis de décès","item":"https://santerreetfils.com/en/obituary/"},{"@type":"ListItem","position":3,"name":"Jean-Guy LEBLANC"}]},{"@type":"WebSite","@id":"https://santerreetfils.com/en/#website","url":"https://santerreetfils.com/en/","name":"Santerre &amp; Fils - Maison funéraire","description":"","potentialAction":[{"@type":"SearchAction","target":{"@type":"EntryPoint","urlTemplate":"https://santerreetfils.com/en/?s={search_term_string}"},"query-input":{"@type":"PropertyValueSpecification","valueRequired":true,"valueName":"search_term_string"}}],"inLanguage":"en-US"}]}</script>
<!-- / Yoast SEO plugin. -->

Au Centre hospitalier Baie-des-Chaleurs de Maria le 14 mars 2018, est décédé à l’âge de 71 ans, monsieur Jean-Guy Leblanc, époux de dame Francine Audet. &nbsp;Il demeurait à Carleton. Il était le fils de feu Louis-Philippe Leblanc et de feu Corona Leblanc. &nbsp; Monsieur Leblanc laisse dans le deuil&nbsp;outre son épouse Francine, &nbsp; Sa fille [&hellip;]

Santerre &amp; Fils - Maison funéraire

Jean-Guy LEBLANC - Santerre &amp; Fils - Maison funéraire

Avis de décès
