{"id":6761,"date":"2018-06-13T11:43:33","date_gmt":"2018-06-13T15:43:33","guid":{"rendered":"https:\/\/santerreetfils.com\/avis-de-deces\/dora-guidry\/"},"modified":"2022-03-05T07:28:11","modified_gmt":"2022-03-05T12:28:11","slug":"dora-guidry","status":"publish","type":"deces","link":"https:\/\/santerreetfils.com\/en\/obituary\/dora-guidry\/","title":{"rendered":"Dora Guidry"},"content":{"rendered":"<p>\u00c0 la R\u00e9sidence L\u2019Aube Rivi\u00e8re de Nouvelle, lundi le 27 octobre 2014, est d\u00e9c\u00e9d\u00e9e \u00e0 l\u2019\u00e2ge de 91 ans, dame Dora Guidry, \u00e9pouse de feu Raymond Allard, demeurant \u00e0 St-Omer.<\/p>\n<p>Madame Guidry-Allard laisse dans le deuil<\/p>\n<p>Ses enfants; Maurice (Rosy), Madelaine, Marcel (Victor), Charles (Lilianne), \u00c9lise (Ronald) et Claude (France).<\/p>\n<p>Ses petits-enfants; Michael, Pierre, Annick, Genevi\u00e8ve, Josianne, Val\u00e9rie, Chantal, Jennifer, Jonathan, et Marie-\u00c8ve.<\/p>\n<p>Ses 15 arri\u00e8re-petits-enfants, ses neveux et ni\u00e8ces ainsi que ses amis (es).<\/p>\n<p>La famille vous accueillera jeudi le 30 octobre \u00e0 compter de 19h \u00e0 la Maison fun\u00e9raire Santerre et fils Inc, situ\u00e9e au 18, rue Comeau \u00e0 Carleton<\/p>\n<p>Les heures de visite sont de 19h \u00e0 21h.<\/p>\n<p>L\u2019inhumation aura lieu au cimeti\u00e8re de Carleton, vendredi le 31 octobre \u00e0 10h.<\/p>\n<p>La direction a \u00e9t\u00e9 confi\u00e9e \u00e0 la Maison fun\u00e9raire Santerre et fils Inc. de Carleton<\/p>\n<p>Entreprise affili\u00e9e \u00e0 la Corporation des Thanatologues du Qu\u00e9bec.<\/p>\n","protected":false},"featured_media":6762,"comment_status":"open","ping_status":"closed","template":"","meta":{"_acf_changed":false,"jetpack_publicize_message":"","jetpack_publicize_feature_enabled":true,"jetpack_social_post_already_shared":false,"jetpack_social_options":{"image_generator_settings":{"template":"highway","default_image_id":0,"font":"","enabled":false},"version":2}},"class_list":["post-6761","deces","type-deces","status-publish","has-post-thumbnail","hentry"],"acf":[],"yoast_head":"<!-- This site is optimized with the Yoast SEO plugin v26.9 - https:\/\/yoast.com\/product\/yoast-seo-wordpress\/ -->\n<title>Obituary : Dora Guidry, 1923-10-27 \u2013 2014-10-27<\/title>\n<meta name=\"robots\" content=\"index, follow, max-snippet:-1, max-image-preview:large, max-video-preview:-1\" \/>\n<link rel=\"canonical\" href=\"https:\/\/santerreetfils.com\/en\/obituary\/dora-guidry\/\" \/>\n<meta property=\"og:locale\" content=\"en_US\" \/>\n<meta property=\"og:type\" content=\"article\" \/>\n<meta property=\"og:title\" content=\"Obituary : Dora Guidry, 1923-10-27 \u2013 2014-10-27\" \/>\n<meta property=\"og:description\" content=\"\u00c0 la R\u00e9sidence L\u2019Aube Rivi\u00e8re de Nouvelle, lundi le 27 octobre 2014, est d\u00e9c\u00e9d\u00e9e \u00e0 l\u2019\u00e2ge de 91 ans, dame Dora Guidry, \u00e9pouse de feu Raymond Allard, demeurant \u00e0 St-Omer. Madame Guidry-Allard laisse dans le deuil Ses enfants; Maurice (Rosy), Madelaine, Marcel (Victor), Charles (Lilianne), \u00c9lise (Ronald) et Claude (France). Ses petits-enfants; Michael, Pierre, Annick, [&hellip;]\" \/>\n<meta property=\"og:url\" content=\"https:\/\/santerreetfils.com\/en\/obituary\/dora-guidry\/\" \/>\n<meta property=\"og:site_name\" content=\"Santerre &amp; Fils - Maison fun\u00e9raire\" \/>\n<meta property=\"article:modified_time\" content=\"2022-03-05T12:28:11+00:00\" \/>\n<meta property=\"og:image\" content=\"https:\/\/santerreetfils.com\/wp-content\/uploads\/2018\/06\/dora-guidry.jpg\" \/>\n\t<meta property=\"og:image:width\" content=\"2367\" \/>\n\t<meta property=\"og:image:height\" content=\"1989\" \/>\n\t<meta property=\"og:image:type\" content=\"image\/jpeg\" \/>\n<meta name=\"twitter:card\" content=\"summary_large_image\" \/>\n<meta name=\"twitter:label1\" content=\"Est. reading time\" \/>\n\t<meta name=\"twitter:data1\" content=\"1 minute\" \/>\n<script type=\"application\/ld+json\" class=\"yoast-schema-graph\">{\"@context\":\"https:\/\/schema.org\",\"@graph\":[{\"@type\":\"WebPage\",\"@id\":\"https:\/\/santerreetfils.com\/en\/obituary\/dora-guidry\/\",\"url\":\"https:\/\/santerreetfils.com\/en\/obituary\/dora-guidry\/\",\"name\":\"Dora Guidry - Santerre &amp; Fils - Maison fun\u00e9raire\",\"isPartOf\":{\"@id\":\"https:\/\/santerreetfils.com\/en\/#website\"},\"primaryImageOfPage\":{\"@id\":\"https:\/\/santerreetfils.com\/en\/obituary\/dora-guidry\/#primaryimage\"},\"image\":{\"@id\":\"https:\/\/santerreetfils.com\/en\/obituary\/dora-guidry\/#primaryimage\"},\"thumbnailUrl\":\"https:\/\/santerreetfils.com\/wp-content\/uploads\/2018\/06\/dora-guidry.jpg\",\"datePublished\":\"2018-06-13T15:43:33+00:00\",\"dateModified\":\"2022-03-05T12:28:11+00:00\",\"breadcrumb\":{\"@id\":\"https:\/\/santerreetfils.com\/en\/obituary\/dora-guidry\/#breadcrumb\"},\"inLanguage\":\"en-US\",\"potentialAction\":[{\"@type\":\"ReadAction\",\"target\":[\"https:\/\/santerreetfils.com\/en\/obituary\/dora-guidry\/\"]}]},{\"@type\":\"ImageObject\",\"inLanguage\":\"en-US\",\"@id\":\"https:\/\/santerreetfils.com\/en\/obituary\/dora-guidry\/#primaryimage\",\"url\":\"https:\/\/santerreetfils.com\/wp-content\/uploads\/2018\/06\/dora-guidry.jpg\",\"contentUrl\":\"https:\/\/santerreetfils.com\/wp-content\/uploads\/2018\/06\/dora-guidry.jpg\",\"width\":2367,\"height\":1989},{\"@type\":\"BreadcrumbList\",\"@id\":\"https:\/\/santerreetfils.com\/en\/obituary\/dora-guidry\/#breadcrumb\",\"itemListElement\":[{\"@type\":\"ListItem\",\"position\":1,\"name\":\"Accueil\",\"item\":\"https:\/\/santerreetfils.com\/en\/\"},{\"@type\":\"ListItem\",\"position\":2,\"name\":\"Avis de d\u00e9c\u00e8s\",\"item\":\"https:\/\/santerreetfils.com\/en\/obituary\/\"},{\"@type\":\"ListItem\",\"position\":3,\"name\":\"Dora Guidry\"}]},{\"@type\":\"WebSite\",\"@id\":\"https:\/\/santerreetfils.com\/en\/#website\",\"url\":\"https:\/\/santerreetfils.com\/en\/\",\"name\":\"Santerre &amp; Fils - Maison fun\u00e9raire\",\"description\":\"\",\"potentialAction\":[{\"@type\":\"SearchAction\",\"target\":{\"@type\":\"EntryPoint\",\"urlTemplate\":\"https:\/\/santerreetfils.com\/en\/?s={search_term_string}\"},\"query-input\":{\"@type\":\"PropertyValueSpecification\",\"valueRequired\":true,\"valueName\":\"search_term_string\"}}],\"inLanguage\":\"en-US\"}]}<\/script>\n<!-- \/ Yoast SEO plugin. -->","yoast_head_json":{"title":"Obituary : Dora Guidry, 1923-10-27 \u2013 2014-10-27","robots":{"index":"index","follow":"follow","max-snippet":"max-snippet:-1","max-image-preview":"max-image-preview:large","max-video-preview":"max-video-preview:-1"},"canonical":"https:\/\/santerreetfils.com\/en\/obituary\/dora-guidry\/","og_locale":"en_US","og_type":"article","og_title":"Obituary : Dora Guidry, 1923-10-27 \u2013 2014-10-27","og_description":"\u00c0 la R\u00e9sidence L\u2019Aube Rivi\u00e8re de Nouvelle, lundi le 27 octobre 2014, est d\u00e9c\u00e9d\u00e9e \u00e0 l\u2019\u00e2ge de 91 ans, dame Dora Guidry, \u00e9pouse de feu Raymond Allard, demeurant \u00e0 St-Omer. Madame Guidry-Allard laisse dans le deuil Ses enfants; Maurice (Rosy), Madelaine, Marcel (Victor), Charles (Lilianne), \u00c9lise (Ronald) et Claude (France). Ses petits-enfants; Michael, Pierre, Annick, [&hellip;]","og_url":"https:\/\/santerreetfils.com\/en\/obituary\/dora-guidry\/","og_site_name":"Santerre &amp; Fils - Maison fun\u00e9raire","article_modified_time":"2022-03-05T12:28:11+00:00","og_image":[{"width":2367,"height":1989,"url":"https:\/\/santerreetfils.com\/wp-content\/uploads\/2018\/06\/dora-guidry.jpg","type":"image\/jpeg"}],"twitter_card":"summary_large_image","twitter_misc":{"Est. reading time":"1 minute"},"schema":{"@context":"https:\/\/schema.org","@graph":[{"@type":"WebPage","@id":"https:\/\/santerreetfils.com\/en\/obituary\/dora-guidry\/","url":"https:\/\/santerreetfils.com\/en\/obituary\/dora-guidry\/","name":"Dora Guidry - Santerre &amp; Fils - Maison fun\u00e9raire","isPartOf":{"@id":"https:\/\/santerreetfils.com\/en\/#website"},"primaryImageOfPage":{"@id":"https:\/\/santerreetfils.com\/en\/obituary\/dora-guidry\/#primaryimage"},"image":{"@id":"https:\/\/santerreetfils.com\/en\/obituary\/dora-guidry\/#primaryimage"},"thumbnailUrl":"https:\/\/santerreetfils.com\/wp-content\/uploads\/2018\/06\/dora-guidry.jpg","datePublished":"2018-06-13T15:43:33+00:00","dateModified":"2022-03-05T12:28:11+00:00","breadcrumb":{"@id":"https:\/\/santerreetfils.com\/en\/obituary\/dora-guidry\/#breadcrumb"},"inLanguage":"en-US","potentialAction":[{"@type":"ReadAction","target":["https:\/\/santerreetfils.com\/en\/obituary\/dora-guidry\/"]}]},{"@type":"ImageObject","inLanguage":"en-US","@id":"https:\/\/santerreetfils.com\/en\/obituary\/dora-guidry\/#primaryimage","url":"https:\/\/santerreetfils.com\/wp-content\/uploads\/2018\/06\/dora-guidry.jpg","contentUrl":"https:\/\/santerreetfils.com\/wp-content\/uploads\/2018\/06\/dora-guidry.jpg","width":2367,"height":1989},{"@type":"BreadcrumbList","@id":"https:\/\/santerreetfils.com\/en\/obituary\/dora-guidry\/#breadcrumb","itemListElement":[{"@type":"ListItem","position":1,"name":"Accueil","item":"https:\/\/santerreetfils.com\/en\/"},{"@type":"ListItem","position":2,"name":"Avis de d\u00e9c\u00e8s","item":"https:\/\/santerreetfils.com\/en\/obituary\/"},{"@type":"ListItem","position":3,"name":"Dora Guidry"}]},{"@type":"WebSite","@id":"https:\/\/santerreetfils.com\/en\/#website","url":"https:\/\/santerreetfils.com\/en\/","name":"Santerre &amp; Fils - Maison fun\u00e9raire","description":"","potentialAction":[{"@type":"SearchAction","target":{"@type":"EntryPoint","urlTemplate":"https:\/\/santerreetfils.com\/en\/?s={search_term_string}"},"query-input":{"@type":"PropertyValueSpecification","valueRequired":true,"valueName":"search_term_string"}}],"inLanguage":"en-US"}]}},"jetpack_publicize_connections":[],"_links":{"self":[{"href":"https:\/\/santerreetfils.com\/en\/wp-json\/wp\/v2\/deces\/6761","targetHints":{"allow":["GET"]}}],"collection":[{"href":"https:\/\/santerreetfils.com\/en\/wp-json\/wp\/v2\/deces"}],"about":[{"href":"https:\/\/santerreetfils.com\/en\/wp-json\/wp\/v2\/types\/deces"}],"replies":[{"embeddable":true,"href":"https:\/\/santerreetfils.com\/en\/wp-json\/wp\/v2\/comments?post=6761"}],"wp:featuredmedia":[{"embeddable":true,"href":"https:\/\/santerreetfils.com\/en\/wp-json\/wp\/v2\/media\/6762"}],"wp:attachment":[{"href":"https:\/\/santerreetfils.com\/en\/wp-json\/wp\/v2\/media?parent=6761"}],"curies":[{"name":"wp","href":"https:\/\/api.w.org\/{rel}","templated":true}]}}

<p>À la Résidence L’Aube Rivière de Nouvelle, lundi le 27 octobre 2014, est décédée à l’âge de 91 ans, dame Dora Guidry, épouse de feu Raymond Allard, demeurant à St-Omer.</p>
<p>Madame Guidry-Allard laisse dans le deuil</p>
<p>Ses enfants; Maurice (Rosy), Madelaine, Marcel (Victor), Charles (Lilianne), Élise (Ronald) et Claude (France).</p>
<p>Ses petits-enfants; Michael, Pierre, Annick, Geneviève, Josianne, Valérie, Chantal, Jennifer, Jonathan, et Marie-Ève.</p>
<p>Ses 15 arrière-petits-enfants, ses neveux et nièces ainsi que ses amis (es).</p>
<p>La famille vous accueillera jeudi le 30 octobre à compter de 19h à la Maison funéraire Santerre et fils Inc, située au 18, rue Comeau à Carleton</p>
<p>Les heures de visite sont de 19h à 21h.</p>
<p>L’inhumation aura lieu au cimetière de Carleton, vendredi le 31 octobre à 10h.</p>
<p>La direction a été confiée à la Maison funéraire Santerre et fils Inc. de Carleton</p>
<p>Entreprise affiliée à la Corporation des Thanatologues du Québec.</p>

<!-- This site is optimized with the Yoast SEO plugin v26.9 - https://yoast.com/product/yoast-seo-wordpress/ -->
<title>Obituary : Dora Guidry, 1923-10-27 – 2014-10-27</title>
<meta name="robots" content="index, follow, max-snippet:-1, max-image-preview:large, max-video-preview:-1" />
<link rel="canonical" href="https://santerreetfils.com/en/obituary/dora-guidry/" />
<meta property="og:locale" content="en_US" />
<meta property="og:type" content="article" />
<meta property="og:title" content="Obituary : Dora Guidry, 1923-10-27 – 2014-10-27" />
<meta property="og:description" content="À la Résidence L’Aube Rivière de Nouvelle, lundi le 27 octobre 2014, est décédée à l’âge de 91 ans, dame Dora Guidry, épouse de feu Raymond Allard, demeurant à St-Omer. Madame Guidry-Allard laisse dans le deuil Ses enfants; Maurice (Rosy), Madelaine, Marcel (Victor), Charles (Lilianne), Élise (Ronald) et Claude (France). Ses petits-enfants; Michael, Pierre, Annick, [&hellip;]" />
<meta property="og:url" content="https://santerreetfils.com/en/obituary/dora-guidry/" />
<meta property="og:site_name" content="Santerre &amp; Fils - Maison funéraire" />
<meta property="article:modified_time" content="2022-03-05T12:28:11+00:00" />
<meta property="og:image" content="https://santerreetfils.com/wp-content/uploads/2018/06/dora-guidry.jpg" />
	<meta property="og:image:width" content="2367" />
	<meta property="og:image:height" content="1989" />
	<meta property="og:image:type" content="image/jpeg" />
<meta name="twitter:card" content="summary_large_image" />
<meta name="twitter:label1" content="Est. reading time" />
	<meta name="twitter:data1" content="1 minute" />
<script type="application/ld+json" class="yoast-schema-graph">{"@context":"https://schema.org","@graph":[{"@type":"WebPage","@id":"https://santerreetfils.com/en/obituary/dora-guidry/","url":"https://santerreetfils.com/en/obituary/dora-guidry/","name":"Dora Guidry - Santerre &amp; Fils - Maison funéraire","isPartOf":{"@id":"https://santerreetfils.com/en/#website"},"primaryImageOfPage":{"@id":"https://santerreetfils.com/en/obituary/dora-guidry/#primaryimage"},"image":{"@id":"https://santerreetfils.com/en/obituary/dora-guidry/#primaryimage"},"thumbnailUrl":"https://santerreetfils.com/wp-content/uploads/2018/06/dora-guidry.jpg","datePublished":"2018-06-13T15:43:33+00:00","dateModified":"2022-03-05T12:28:11+00:00","breadcrumb":{"@id":"https://santerreetfils.com/en/obituary/dora-guidry/#breadcrumb"},"inLanguage":"en-US","potentialAction":[{"@type":"ReadAction","target":["https://santerreetfils.com/en/obituary/dora-guidry/"]}]},{"@type":"ImageObject","inLanguage":"en-US","@id":"https://santerreetfils.com/en/obituary/dora-guidry/#primaryimage","url":"https://santerreetfils.com/wp-content/uploads/2018/06/dora-guidry.jpg","contentUrl":"https://santerreetfils.com/wp-content/uploads/2018/06/dora-guidry.jpg","width":2367,"height":1989},{"@type":"BreadcrumbList","@id":"https://santerreetfils.com/en/obituary/dora-guidry/#breadcrumb","itemListElement":[{"@type":"ListItem","position":1,"name":"Accueil","item":"https://santerreetfils.com/en/"},{"@type":"ListItem","position":2,"name":"Avis de décès","item":"https://santerreetfils.com/en/obituary/"},{"@type":"ListItem","position":3,"name":"Dora Guidry"}]},{"@type":"WebSite","@id":"https://santerreetfils.com/en/#website","url":"https://santerreetfils.com/en/","name":"Santerre &amp; Fils - Maison funéraire","description":"","potentialAction":[{"@type":"SearchAction","target":{"@type":"EntryPoint","urlTemplate":"https://santerreetfils.com/en/?s={search_term_string}"},"query-input":{"@type":"PropertyValueSpecification","valueRequired":true,"valueName":"search_term_string"}}],"inLanguage":"en-US"}]}</script>
<!-- / Yoast SEO plugin. -->

À la Résidence L’Aube Rivière de Nouvelle, lundi le 27 octobre 2014, est décédée à l’âge de 91 ans, dame Dora Guidry, épouse de feu Raymond Allard, demeurant à St-Omer. Madame Guidry-Allard laisse dans le deuil Ses enfants; Maurice (Rosy), Madelaine, Marcel (Victor), Charles (Lilianne), Élise (Ronald) et Claude (France). Ses petits-enfants; Michael, Pierre, Annick, [&hellip;]

Santerre &amp; Fils - Maison funéraire

Dora Guidry - Santerre &amp; Fils - Maison funéraire

Avis de décès
