{"id":6813,"date":"2018-06-13T11:36:43","date_gmt":"2018-06-13T15:36:43","guid":{"rendered":"https:\/\/santerreetfils.com\/avis-de-deces\/guillaume-gallant-2\/"},"modified":"2022-03-05T07:28:12","modified_gmt":"2022-03-05T12:28:12","slug":"guillaume-gallant-2","status":"publish","type":"deces","link":"https:\/\/santerreetfils.com\/en\/obituary\/guillaume-gallant-2\/","title":{"rendered":"Guillaume Gallant"},"content":{"rendered":"<p>Au Centre d\u2019H\u00e9bergement de Maria, mercredi le 23 juillet 2014, est d\u00e9c\u00e9d\u00e9 \u00e0 l\u2019\u00e2ge de 92 ans et 5 mois, monsieur Guillaume Gallant, \u00e9poux de feu Adine Landry, demeurant \u00e0 St-Omer.<\/p>\n<p>Monsieur Gallant laisse dans le deuil, ses enfants; Nicole, Rejean et &nbsp;Ga\u00e9tan, ses petits-enfants; Ronald, Richard, Annie, Susie, Nancy, David et Pierre-Luc, ses 11 arri\u00e8re-petits-enfants, ainsi que son fr\u00e8re Ren\u00e9 et sa s\u0153ur Imelda. &nbsp;<\/p>\n<p>La famille recevra les condol\u00e9ances, dimanche le 27 juillet \u00e0 compter de 14h \u00e0 la Maison fun\u00e9raire Santerre et fils Inc, situ\u00e9 au 18, rue Comeau, \u00e0 Carleton.<\/p>\n<p>Les heures de visite sont de 14h \u00e0 16h et de 19h \u00e0 21.<\/p>\n<p>Les fun\u00e9railles auront lieu en l\u2019\u00c9glise de St-Omer, lundi le 28 juillet \u00e0 10h et de l\u00e0 au cimeti\u00e8re de l\u2019endroit.<\/p>\n<p>Il est \u00e0 noter que, lundi, jour des fun\u00e9railles, le salon ouvrira \u00e0 9h.<\/p>\n<p>La direction a \u00e9t\u00e9 confi\u00e9e \u00e0 la Maison fun\u00e9raire Santerre et fils Inc de Carleton<\/p>\n<p>Entreprise affili\u00e9e \u00e0 la Corporation des thanatologues du Qu\u00e9bec<\/p>\n<p>Toute marque de sympathie peut se traduire par un don \u00e0<\/p>\n<p>La Soci\u00e9t\u00e9 Alzheimer<\/p>\n<p>Si\u00e8ge Social<\/p>\n<p>114 C, rue Grand-Pr\u00e9<\/p>\n<p>Bonaventure (Qu\u00e9bec), G0C 1E0<\/p>\n<p>&nbsp;<\/p>\n<p>La Soci\u00e9t\u00e9 Canadienne du Cancer<\/p>\n<p>5151, boul. de l\u2019Assomption<\/p>\n<p>Montr\u00e9al (Qu\u00e9bec) H1T 4A9<\/p>\n","protected":false},"featured_media":6814,"comment_status":"open","ping_status":"closed","template":"","meta":{"_acf_changed":false,"jetpack_publicize_message":"","jetpack_publicize_feature_enabled":true,"jetpack_social_post_already_shared":false,"jetpack_social_options":{"image_generator_settings":{"template":"highway","default_image_id":0,"font":"","enabled":false},"version":2}},"class_list":["post-6813","deces","type-deces","status-publish","has-post-thumbnail","hentry"],"acf":[],"yoast_head":"<!-- This site is optimized with the Yoast SEO plugin v26.9 - https:\/\/yoast.com\/product\/yoast-seo-wordpress\/ -->\n<title>Obituary : Guillaume Gallant, 1922-07-24 \u2013 2014-07-23<\/title>\n<meta name=\"robots\" content=\"index, follow, max-snippet:-1, max-image-preview:large, max-video-preview:-1\" \/>\n<link rel=\"canonical\" href=\"https:\/\/santerreetfils.com\/en\/obituary\/guillaume-gallant-2\/\" \/>\n<meta property=\"og:locale\" content=\"en_US\" \/>\n<meta property=\"og:type\" content=\"article\" \/>\n<meta property=\"og:title\" content=\"Obituary : Guillaume Gallant, 1922-07-24 \u2013 2014-07-23\" \/>\n<meta property=\"og:description\" content=\"Au Centre d\u2019H\u00e9bergement de Maria, mercredi le 23 juillet 2014, est d\u00e9c\u00e9d\u00e9 \u00e0 l\u2019\u00e2ge de 92 ans et 5 mois, monsieur Guillaume Gallant, \u00e9poux de feu Adine Landry, demeurant \u00e0 St-Omer. Monsieur Gallant laisse dans le deuil, ses enfants; Nicole, Rejean et &nbsp;Ga\u00e9tan, ses petits-enfants; Ronald, Richard, Annie, Susie, Nancy, David et Pierre-Luc, ses 11 [&hellip;]\" \/>\n<meta property=\"og:url\" content=\"https:\/\/santerreetfils.com\/en\/obituary\/guillaume-gallant-2\/\" \/>\n<meta property=\"og:site_name\" content=\"Santerre &amp; Fils - Maison fun\u00e9raire\" \/>\n<meta property=\"article:modified_time\" content=\"2022-03-05T12:28:12+00:00\" \/>\n<meta property=\"og:image\" content=\"https:\/\/santerreetfils.com\/wp-content\/uploads\/2018\/06\/guillaume-gallant.jpg\" \/>\n\t<meta property=\"og:image:width\" content=\"1471\" \/>\n\t<meta property=\"og:image:height\" content=\"1838\" \/>\n\t<meta property=\"og:image:type\" content=\"image\/jpeg\" \/>\n<meta name=\"twitter:card\" content=\"summary_large_image\" \/>\n<meta name=\"twitter:label1\" content=\"Est. reading time\" \/>\n\t<meta name=\"twitter:data1\" content=\"1 minute\" \/>\n<script type=\"application\/ld+json\" class=\"yoast-schema-graph\">{\"@context\":\"https:\/\/schema.org\",\"@graph\":[{\"@type\":\"WebPage\",\"@id\":\"https:\/\/santerreetfils.com\/en\/obituary\/guillaume-gallant-2\/\",\"url\":\"https:\/\/santerreetfils.com\/en\/obituary\/guillaume-gallant-2\/\",\"name\":\"Guillaume Gallant - Santerre &amp; Fils - Maison fun\u00e9raire\",\"isPartOf\":{\"@id\":\"https:\/\/santerreetfils.com\/en\/#website\"},\"primaryImageOfPage\":{\"@id\":\"https:\/\/santerreetfils.com\/en\/obituary\/guillaume-gallant-2\/#primaryimage\"},\"image\":{\"@id\":\"https:\/\/santerreetfils.com\/en\/obituary\/guillaume-gallant-2\/#primaryimage\"},\"thumbnailUrl\":\"https:\/\/santerreetfils.com\/wp-content\/uploads\/2018\/06\/guillaume-gallant.jpg\",\"datePublished\":\"2018-06-13T15:36:43+00:00\",\"dateModified\":\"2022-03-05T12:28:12+00:00\",\"breadcrumb\":{\"@id\":\"https:\/\/santerreetfils.com\/en\/obituary\/guillaume-gallant-2\/#breadcrumb\"},\"inLanguage\":\"en-US\",\"potentialAction\":[{\"@type\":\"ReadAction\",\"target\":[\"https:\/\/santerreetfils.com\/en\/obituary\/guillaume-gallant-2\/\"]}]},{\"@type\":\"ImageObject\",\"inLanguage\":\"en-US\",\"@id\":\"https:\/\/santerreetfils.com\/en\/obituary\/guillaume-gallant-2\/#primaryimage\",\"url\":\"https:\/\/santerreetfils.com\/wp-content\/uploads\/2018\/06\/guillaume-gallant.jpg\",\"contentUrl\":\"https:\/\/santerreetfils.com\/wp-content\/uploads\/2018\/06\/guillaume-gallant.jpg\",\"width\":1471,\"height\":1838},{\"@type\":\"BreadcrumbList\",\"@id\":\"https:\/\/santerreetfils.com\/en\/obituary\/guillaume-gallant-2\/#breadcrumb\",\"itemListElement\":[{\"@type\":\"ListItem\",\"position\":1,\"name\":\"Accueil\",\"item\":\"https:\/\/santerreetfils.com\/en\/\"},{\"@type\":\"ListItem\",\"position\":2,\"name\":\"Avis de d\u00e9c\u00e8s\",\"item\":\"https:\/\/santerreetfils.com\/en\/obituary\/\"},{\"@type\":\"ListItem\",\"position\":3,\"name\":\"Guillaume Gallant\"}]},{\"@type\":\"WebSite\",\"@id\":\"https:\/\/santerreetfils.com\/en\/#website\",\"url\":\"https:\/\/santerreetfils.com\/en\/\",\"name\":\"Santerre &amp; Fils - Maison fun\u00e9raire\",\"description\":\"\",\"potentialAction\":[{\"@type\":\"SearchAction\",\"target\":{\"@type\":\"EntryPoint\",\"urlTemplate\":\"https:\/\/santerreetfils.com\/en\/?s={search_term_string}\"},\"query-input\":{\"@type\":\"PropertyValueSpecification\",\"valueRequired\":true,\"valueName\":\"search_term_string\"}}],\"inLanguage\":\"en-US\"}]}<\/script>\n<!-- \/ Yoast SEO plugin. -->","yoast_head_json":{"title":"Obituary : Guillaume Gallant, 1922-07-24 \u2013 2014-07-23","robots":{"index":"index","follow":"follow","max-snippet":"max-snippet:-1","max-image-preview":"max-image-preview:large","max-video-preview":"max-video-preview:-1"},"canonical":"https:\/\/santerreetfils.com\/en\/obituary\/guillaume-gallant-2\/","og_locale":"en_US","og_type":"article","og_title":"Obituary : Guillaume Gallant, 1922-07-24 \u2013 2014-07-23","og_description":"Au Centre d\u2019H\u00e9bergement de Maria, mercredi le 23 juillet 2014, est d\u00e9c\u00e9d\u00e9 \u00e0 l\u2019\u00e2ge de 92 ans et 5 mois, monsieur Guillaume Gallant, \u00e9poux de feu Adine Landry, demeurant \u00e0 St-Omer. Monsieur Gallant laisse dans le deuil, ses enfants; Nicole, Rejean et &nbsp;Ga\u00e9tan, ses petits-enfants; Ronald, Richard, Annie, Susie, Nancy, David et Pierre-Luc, ses 11 [&hellip;]","og_url":"https:\/\/santerreetfils.com\/en\/obituary\/guillaume-gallant-2\/","og_site_name":"Santerre &amp; Fils - Maison fun\u00e9raire","article_modified_time":"2022-03-05T12:28:12+00:00","og_image":[{"width":1471,"height":1838,"url":"https:\/\/santerreetfils.com\/wp-content\/uploads\/2018\/06\/guillaume-gallant.jpg","type":"image\/jpeg"}],"twitter_card":"summary_large_image","twitter_misc":{"Est. reading time":"1 minute"},"schema":{"@context":"https:\/\/schema.org","@graph":[{"@type":"WebPage","@id":"https:\/\/santerreetfils.com\/en\/obituary\/guillaume-gallant-2\/","url":"https:\/\/santerreetfils.com\/en\/obituary\/guillaume-gallant-2\/","name":"Guillaume Gallant - Santerre &amp; Fils - Maison fun\u00e9raire","isPartOf":{"@id":"https:\/\/santerreetfils.com\/en\/#website"},"primaryImageOfPage":{"@id":"https:\/\/santerreetfils.com\/en\/obituary\/guillaume-gallant-2\/#primaryimage"},"image":{"@id":"https:\/\/santerreetfils.com\/en\/obituary\/guillaume-gallant-2\/#primaryimage"},"thumbnailUrl":"https:\/\/santerreetfils.com\/wp-content\/uploads\/2018\/06\/guillaume-gallant.jpg","datePublished":"2018-06-13T15:36:43+00:00","dateModified":"2022-03-05T12:28:12+00:00","breadcrumb":{"@id":"https:\/\/santerreetfils.com\/en\/obituary\/guillaume-gallant-2\/#breadcrumb"},"inLanguage":"en-US","potentialAction":[{"@type":"ReadAction","target":["https:\/\/santerreetfils.com\/en\/obituary\/guillaume-gallant-2\/"]}]},{"@type":"ImageObject","inLanguage":"en-US","@id":"https:\/\/santerreetfils.com\/en\/obituary\/guillaume-gallant-2\/#primaryimage","url":"https:\/\/santerreetfils.com\/wp-content\/uploads\/2018\/06\/guillaume-gallant.jpg","contentUrl":"https:\/\/santerreetfils.com\/wp-content\/uploads\/2018\/06\/guillaume-gallant.jpg","width":1471,"height":1838},{"@type":"BreadcrumbList","@id":"https:\/\/santerreetfils.com\/en\/obituary\/guillaume-gallant-2\/#breadcrumb","itemListElement":[{"@type":"ListItem","position":1,"name":"Accueil","item":"https:\/\/santerreetfils.com\/en\/"},{"@type":"ListItem","position":2,"name":"Avis de d\u00e9c\u00e8s","item":"https:\/\/santerreetfils.com\/en\/obituary\/"},{"@type":"ListItem","position":3,"name":"Guillaume Gallant"}]},{"@type":"WebSite","@id":"https:\/\/santerreetfils.com\/en\/#website","url":"https:\/\/santerreetfils.com\/en\/","name":"Santerre &amp; Fils - Maison fun\u00e9raire","description":"","potentialAction":[{"@type":"SearchAction","target":{"@type":"EntryPoint","urlTemplate":"https:\/\/santerreetfils.com\/en\/?s={search_term_string}"},"query-input":{"@type":"PropertyValueSpecification","valueRequired":true,"valueName":"search_term_string"}}],"inLanguage":"en-US"}]}},"jetpack_publicize_connections":[],"_links":{"self":[{"href":"https:\/\/santerreetfils.com\/en\/wp-json\/wp\/v2\/deces\/6813","targetHints":{"allow":["GET"]}}],"collection":[{"href":"https:\/\/santerreetfils.com\/en\/wp-json\/wp\/v2\/deces"}],"about":[{"href":"https:\/\/santerreetfils.com\/en\/wp-json\/wp\/v2\/types\/deces"}],"replies":[{"embeddable":true,"href":"https:\/\/santerreetfils.com\/en\/wp-json\/wp\/v2\/comments?post=6813"}],"wp:featuredmedia":[{"embeddable":true,"href":"https:\/\/santerreetfils.com\/en\/wp-json\/wp\/v2\/media\/6814"}],"wp:attachment":[{"href":"https:\/\/santerreetfils.com\/en\/wp-json\/wp\/v2\/media?parent=6813"}],"curies":[{"name":"wp","href":"https:\/\/api.w.org\/{rel}","templated":true}]}}

<p>Au Centre d’Hébergement de Maria, mercredi le 23 juillet 2014, est décédé à l’âge de 92 ans et 5 mois, monsieur Guillaume Gallant, époux de feu Adine Landry, demeurant à St-Omer.</p>
<p>Monsieur Gallant laisse dans le deuil, ses enfants; Nicole, Rejean et &nbsp;Gaétan, ses petits-enfants; Ronald, Richard, Annie, Susie, Nancy, David et Pierre-Luc, ses 11 arrière-petits-enfants, ainsi que son frère René et sa sœur Imelda. &nbsp;</p>
<p>La famille recevra les condoléances, dimanche le 27 juillet à compter de 14h à la Maison funéraire Santerre et fils Inc, situé au 18, rue Comeau, à Carleton.</p>
<p>Les heures de visite sont de 14h à 16h et de 19h à 21.</p>
<p>Les funérailles auront lieu en l’Église de St-Omer, lundi le 28 juillet à 10h et de là au cimetière de l’endroit.</p>
<p>Il est à noter que, lundi, jour des funérailles, le salon ouvrira à 9h.</p>
<p>La direction a été confiée à la Maison funéraire Santerre et fils Inc de Carleton</p>
<p>Entreprise affiliée à la Corporation des thanatologues du Québec</p>
<p>Toute marque de sympathie peut se traduire par un don à</p>
<p>La Société Alzheimer</p>
<p>Siège Social</p>
<p>114 C, rue Grand-Pré</p>
<p>Bonaventure (Québec), G0C 1E0</p>
<p>&nbsp;</p>
<p>La Société Canadienne du Cancer</p>
<p>5151, boul. de l’Assomption</p>
<p>Montréal (Québec) H1T 4A9</p>

<!-- This site is optimized with the Yoast SEO plugin v26.9 - https://yoast.com/product/yoast-seo-wordpress/ -->
<title>Obituary : Guillaume Gallant, 1922-07-24 – 2014-07-23</title>
<meta name="robots" content="index, follow, max-snippet:-1, max-image-preview:large, max-video-preview:-1" />
<link rel="canonical" href="https://santerreetfils.com/en/obituary/guillaume-gallant-2/" />
<meta property="og:locale" content="en_US" />
<meta property="og:type" content="article" />
<meta property="og:title" content="Obituary : Guillaume Gallant, 1922-07-24 – 2014-07-23" />
<meta property="og:description" content="Au Centre d’Hébergement de Maria, mercredi le 23 juillet 2014, est décédé à l’âge de 92 ans et 5 mois, monsieur Guillaume Gallant, époux de feu Adine Landry, demeurant à St-Omer. Monsieur Gallant laisse dans le deuil, ses enfants; Nicole, Rejean et &nbsp;Gaétan, ses petits-enfants; Ronald, Richard, Annie, Susie, Nancy, David et Pierre-Luc, ses 11 [&hellip;]" />
<meta property="og:url" content="https://santerreetfils.com/en/obituary/guillaume-gallant-2/" />
<meta property="og:site_name" content="Santerre &amp; Fils - Maison funéraire" />
<meta property="article:modified_time" content="2022-03-05T12:28:12+00:00" />
<meta property="og:image" content="https://santerreetfils.com/wp-content/uploads/2018/06/guillaume-gallant.jpg" />
	<meta property="og:image:width" content="1471" />
	<meta property="og:image:height" content="1838" />
	<meta property="og:image:type" content="image/jpeg" />
<meta name="twitter:card" content="summary_large_image" />
<meta name="twitter:label1" content="Est. reading time" />
	<meta name="twitter:data1" content="1 minute" />
<script type="application/ld+json" class="yoast-schema-graph">{"@context":"https://schema.org","@graph":[{"@type":"WebPage","@id":"https://santerreetfils.com/en/obituary/guillaume-gallant-2/","url":"https://santerreetfils.com/en/obituary/guillaume-gallant-2/","name":"Guillaume Gallant - Santerre &amp; Fils - Maison funéraire","isPartOf":{"@id":"https://santerreetfils.com/en/#website"},"primaryImageOfPage":{"@id":"https://santerreetfils.com/en/obituary/guillaume-gallant-2/#primaryimage"},"image":{"@id":"https://santerreetfils.com/en/obituary/guillaume-gallant-2/#primaryimage"},"thumbnailUrl":"https://santerreetfils.com/wp-content/uploads/2018/06/guillaume-gallant.jpg","datePublished":"2018-06-13T15:36:43+00:00","dateModified":"2022-03-05T12:28:12+00:00","breadcrumb":{"@id":"https://santerreetfils.com/en/obituary/guillaume-gallant-2/#breadcrumb"},"inLanguage":"en-US","potentialAction":[{"@type":"ReadAction","target":["https://santerreetfils.com/en/obituary/guillaume-gallant-2/"]}]},{"@type":"ImageObject","inLanguage":"en-US","@id":"https://santerreetfils.com/en/obituary/guillaume-gallant-2/#primaryimage","url":"https://santerreetfils.com/wp-content/uploads/2018/06/guillaume-gallant.jpg","contentUrl":"https://santerreetfils.com/wp-content/uploads/2018/06/guillaume-gallant.jpg","width":1471,"height":1838},{"@type":"BreadcrumbList","@id":"https://santerreetfils.com/en/obituary/guillaume-gallant-2/#breadcrumb","itemListElement":[{"@type":"ListItem","position":1,"name":"Accueil","item":"https://santerreetfils.com/en/"},{"@type":"ListItem","position":2,"name":"Avis de décès","item":"https://santerreetfils.com/en/obituary/"},{"@type":"ListItem","position":3,"name":"Guillaume Gallant"}]},{"@type":"WebSite","@id":"https://santerreetfils.com/en/#website","url":"https://santerreetfils.com/en/","name":"Santerre &amp; Fils - Maison funéraire","description":"","potentialAction":[{"@type":"SearchAction","target":{"@type":"EntryPoint","urlTemplate":"https://santerreetfils.com/en/?s={search_term_string}"},"query-input":{"@type":"PropertyValueSpecification","valueRequired":true,"valueName":"search_term_string"}}],"inLanguage":"en-US"}]}</script>
<!-- / Yoast SEO plugin. -->

Au Centre d’Hébergement de Maria, mercredi le 23 juillet 2014, est décédé à l’âge de 92 ans et 5 mois, monsieur Guillaume Gallant, époux de feu Adine Landry, demeurant à St-Omer. Monsieur Gallant laisse dans le deuil, ses enfants; Nicole, Rejean et &nbsp;Gaétan, ses petits-enfants; Ronald, Richard, Annie, Susie, Nancy, David et Pierre-Luc, ses 11 [&hellip;]

Santerre &amp; Fils - Maison funéraire

Guillaume Gallant - Santerre &amp; Fils - Maison funéraire

Avis de décès
